{"id":1170,"date":"2014-10-30T18:28:30","date_gmt":"2014-10-30T18:28:30","guid":{"rendered":"http:\/\/irprout.it\/?page_id=1170"},"modified":"2020-03-27T12:56:56","modified_gmt":"2020-03-27T11:56:56","slug":"economia","status":"publish","type":"page","link":"https:\/\/irprout.it\/?page_id=1170","title":{"rendered":"ELEMENTI DEL SISTEMA ECONOMICO PROUT"},"content":{"rendered":"<p><span style=\"font-size: 28pt; font-family: arial, helvetica, sans-serif;\"><strong><span style=\"color: #ffffff;\"><a href=\"https:\/\/irprout.it\/wp-content\/uploads\/2014\/10\/ECONOMIA_OLIO1-e1424187943610.jpg\"><img decoding=\"async\" class=\"wp-image-2584 alignright lazyload\" data-src=\"https:\/\/irprout.it\/wp-content\/uploads\/2014\/10\/ECONOMIA_OLIO1-e1424187943610-300x206.jpg\" alt=\"\" width=\"416\" height=\"287\" src=\"data:image\/svg+xml;base64,PHN2ZyB3aWR0aD0iMSIgaGVpZ2h0PSIxIiB4bWxucz0iaHR0cDovL3d3dy53My5vcmcvMjAwMC9zdmciPjwvc3ZnPg==\" style=\"--smush-placeholder-width: 416px; --smush-placeholder-aspect-ratio: 416\/287;\"><\/a><\/span><\/strong><\/span><\/p>\n<p style=\"text-align: left;\"><span style=\"font-size: 28pt; background-color: #ff6600; font-family: arial, helvetica, sans-serif;\"><strong><span style=\"color: #ffffff;\">&nbsp;sistema&nbsp;<\/span><\/strong><\/span><\/p>\n<p style=\"text-align: left;\"><span style=\"font-size: 28pt; background-color: #ff6600; font-family: arial, helvetica, sans-serif;\"><strong><span style=\"color: #ffffff;\">&nbsp;economico&nbsp;<\/span><\/strong><\/span><\/p>\n<p style=\"text-align: left;\"><span style=\"font-size: 14pt; color: #000000; font-family: arial, helvetica, sans-serif;\"><br \/>\nAlcuni elementi del Sistema Economico PROUT<\/span><\/p>\n<p><span style=\"font-size: 16pt; font-family: arial, helvetica, sans-serif;\"><span style=\"color: #000000; background-color: #99cc00;\">&nbsp;E&#8217; un&#8217;insieme di proposte, idee e programmi innovativi, <\/span><\/span><span style=\"font-size: 16pt; font-family: arial, helvetica, sans-serif;\"><span style=\"color: #000000; background-color: #99cc00;\"><br \/>\nche&nbsp;rivitalizzano&nbsp;alcuni tratti della teoria economica attuale e aggiungono ad essa elementi totalmente nuovi.<\/span><span style=\"color: #000000; background-color: #99cc00;\">&nbsp;<\/span><\/span><\/p>\n<p><span style=\"color: #000000; background-color: #ff6600; font-size: 14pt; font-family: arial, helvetica, sans-serif;\"><strong>&nbsp;<span style=\"color: #ffffff;\">Garanzia a tutti delle necessit\u00e0 Basilari<\/span>&nbsp;<\/strong><\/span><\/p>\n<p><span style=\"font-family: arial, helvetica, sans-serif;\"><img decoding=\"async\" class=\"alignleft wp-image-2033 lazyload\" data-src=\"https:\/\/irprout.it\/wp-content\/uploads\/2014\/10\/minime-necessita_p.jpg\" alt=\"minime-necessita_p\" width=\"158\" height=\"93\" src=\"data:image\/svg+xml;base64,PHN2ZyB3aWR0aD0iMSIgaGVpZ2h0PSIxIiB4bWxucz0iaHR0cDovL3d3dy53My5vcmcvMjAwMC9zdmciPjwvc3ZnPg==\" style=\"--smush-placeholder-width: 158px; --smush-placeholder-aspect-ratio: 158\/93;\"><span style=\"color: #000000;\">L&#8217;idea chiave \u00e8 la <strong>Garanzia a tutti delle necessit\u00e0 Basilari<\/strong>, perch\u00e9 \u00e8 un diritto di nascita di ogni essere umano. Per questo Sarkar propone&nbsp;l&#8217;<strong>Autosufficienza Economica<\/strong> di ogni paese per creare <strong>piena occupazione<\/strong>. Con questo contraddice i dettami della Globalizzazione Economica, che sta distruggendo il tessuto socio-economico di quasi tutte le nazioni.<\/span><\/span><\/p>\n<h2><span style=\"color: #ffffff; background-color: #ff6600; font-size: 14pt; font-family: arial, helvetica, sans-serif;\"><strong>&nbsp;Sistema produttivo Bilanciato&nbsp;<\/strong><\/span><\/h2>\n<p><span style=\"font-family: arial, helvetica, sans-serif;\">Per questa ragione sostiene che il <strong>sistema produttivo deve essere Bilanciato<\/strong>, i suoi diversi settori (Agricoltura, Industria agricola, industria non agricola, Commercio,&nbsp;Servizi), devono occupare un numero predefinito di lavoratori\/trici, ne va della stabilit\u00e0 e sviluppo dell&#8217;economia.<\/span><\/p>\n<p><span style=\"color: #ffffff; background-color: #ff6600; font-size: 14pt; font-family: arial, helvetica, sans-serif;\"><strong>&nbsp;Potere economico nelle mani della popolazione&nbsp;<\/strong><\/span><\/p>\n<p><span style=\"font-family: arial, helvetica, sans-serif;\">Ci\u00f2 per\u00f2 non \u00e8 sufficiente, perch\u00e9 \u00e8 necessario <strong>cambiare anche i rapporti di lavoro<\/strong> e sostituire il modello a &#8216;<strong>propriet\u00e0 privata dei mezzi di produzione<\/strong>&#8216;, che ha creato caos economico, instabilit\u00e0 e corruzione, con un modello a <strong>responsabilit\u00e0 collettiva<\/strong>. Per questo sostiene la <strong>Decentralizzazione del Potere Economico<\/strong> nelle mani della popolazione e non delle \u00e8lite economiche.<\/span><\/p>\n<p><span style=\"font-family: arial, helvetica, sans-serif;\">In pratica dice Sarkar:<\/span><\/p>\n<p><span style=\"background-color: #99cc00; font-size: 16pt; font-family: arial, helvetica, sans-serif;\">&nbsp;&#8220;E&#8217; necessaria l&#8217;applicazione della <strong>Democrazia Economica<\/strong>, al sistema produttivo.&nbsp;<\/span><\/p>\n<p><span style=\"color: #3366ff; font-size: 14pt; font-family: arial, helvetica, sans-serif;\"><strong><span style=\"background-color: #ff6600; color: #ffffff;\">&nbsp;Ruolo delle Aziende Pubbliche, Cooperative e Private&nbsp;<\/span>&nbsp;<\/strong><\/span><\/p>\n<p><span style=\"font-family: arial, helvetica, sans-serif;\">La trasformazione dell&#8217;economia passa anche&nbsp;dalla proposta di una netta suddivisione dei ruoli tra pubblico, cooperative e aziende private. Sarkar la definisce&nbsp;<strong>struttura produttiva &#8216;tripolare&#8217;.<\/strong><\/span><\/p>\n<p><span style=\"color: #ffffff; background-color: #ff6600; font-size: 14pt; font-family: arial, helvetica, sans-serif;\"><strong>&nbsp;Riforma Agraria&nbsp;<\/strong><\/span><\/p>\n<p><span style=\"font-family: arial, helvetica, sans-serif;\">Per dare un esempio pratico Sarkar propone una <strong>Riforma Agraria<\/strong>&nbsp;da attuarsi per gradi, nel giro di 5-10 anni. Perch\u00e9, afferma l&#8217;agricoltura, da cui dipende la sopravvivenza di ogni essere umano, \u00e8 la <strong>branca pi\u00f9 importante dell&#8217;economia<\/strong> e se bene strutturata pu\u00f2 sostenere anche il peso di una crescente popolazione.<\/span><\/p>\n<p><span style=\"color: #ffffff; background-color: #ff6600; font-size: 14pt; font-family: arial, helvetica, sans-serif;\"><strong>&nbsp;Rivoluzione Industriale&nbsp;<\/strong><\/span><\/p>\n<p><span style=\"font-family: arial, helvetica, sans-serif;\">A fianco della Riforma agraria troviamo una <strong>Rivoluzione Industriale<\/strong>, che permette l&#8217;autosufficienza ad ogni paese. La natura \u00e8 stata prodiga, afferma Sarkar, di risorse per ogni paese e se bene utilizzate possono aiutare&nbsp;tutte le nazioni&nbsp;a far fronte alle necessit\u00e0 della propria&nbsp;popolazione. <strong>Non esportare le materie prime, ma utilizzarle per produrre beni finiti in loco, creare lavoro e reddito<\/strong>.<\/span><\/p>\n<p><span style=\"font-family: arial, helvetica, sans-serif;\">&nbsp;<\/span><\/p>\n<h3><span style=\"color: #ff6600; font-family: arial, helvetica, sans-serif;\">Nel menu a dx trovate i temi distintivi&nbsp;della Teoria Economica PROUT.<\/span><\/h3>\n<p><span style=\"font-family: arial, helvetica, sans-serif;\">&nbsp;<\/span><\/p>\n<p><span style=\"font-family: arial, helvetica, sans-serif;\"><img decoding=\"async\" class=\"alignleft wp-image-1175 lazyload\" data-src=\"https:\/\/irprout.it\/wp-content\/uploads\/2014\/10\/prout-socialismo.gif\" alt=\"prout-socialismo\" width=\"199\" height=\"271\" src=\"data:image\/svg+xml;base64,PHN2ZyB3aWR0aD0iMSIgaGVpZ2h0PSIxIiB4bWxucz0iaHR0cDovL3d3dy53My5vcmcvMjAwMC9zdmciPjwvc3ZnPg==\" style=\"--smush-placeholder-width: 199px; --smush-placeholder-aspect-ratio: 199\/271;\"><\/span><\/p>\n<p><span style=\"font-size: 18pt; color: #999999; font-family: arial, helvetica, sans-serif;\">PROUT<\/span><\/p>\n<p><span style=\"font-size: 18pt; color: #999999; font-family: arial, helvetica, sans-serif;\">Socialismo umanistico<\/span><\/p>\n<p><span style=\"font-size: 18pt; color: #999999; font-family: arial, helvetica, sans-serif;\">Democrazia economica<\/span><\/p>\n<p><span style=\"color: #000000; font-family: arial, helvetica, sans-serif;\">Questo libro di Ac. Krtashivananda Avt., in via di pubblicazione spiega in dettaglio questo nuovo pensiero, la teoria, la pratica applicazione.<\/span><\/p>\n<p><span style=\"color: #ff6600; font-family: arial, helvetica, sans-serif;\"><strong>&#8220;&#8230; La sua visione profonda di democrazia economica e di sviluppo per&nbsp;tutti, indica un nuovo giorno per la giustizia sociale e la cooperazione umana&#8221;.<\/strong><\/span><br \/>\n<span style=\"color: #ff6600; font-family: arial, helvetica, sans-serif;\"> <strong> &#8211; <em>Trond Overland, PROUT Globe<\/em><\/strong><\/span><\/p>\n<p><span style=\"font-family: arial, helvetica, sans-serif;\">&nbsp;<\/span><\/p>\n<p><span style=\"font-family: arial, helvetica, sans-serif;\">&nbsp;<\/span><\/p>\n<p><span style=\"font-family: arial, helvetica, sans-serif;\">&nbsp;<\/span><\/p>\n<p><span style=\"font-family: arial, helvetica, sans-serif;\">&nbsp;<\/span><\/p>\n<p><span style=\"font-family: arial, helvetica, sans-serif;\">&nbsp;<\/span><\/p>\n<p><span style=\"font-family: arial, helvetica, sans-serif;\">&nbsp;<\/span><\/p>\n<p><span style=\"font-family: arial, helvetica, sans-serif;\">&nbsp;<\/span><\/p>\n","protected":false},"excerpt":{"rendered":"<p>&nbsp;sistema&nbsp; &nbsp;economico&nbsp; Alcuni elementi del Sistema Economico PROUT &nbsp;E&#8217; un&#8217;insieme di proposte, idee e programmi innovativi, che&nbsp;rivitalizzano&nbsp;alcuni tratti della teoria economica attuale e aggiungono ad essa elementi totalmente nuovi.&nbsp; &nbsp;Garanzia a tutti delle necessit\u00e0 Basilari&nbsp; L&#8217;idea chiave \u00e8 la Garanzia a tutti delle necessit\u00e0 Basilari, perch\u00e9 \u00e8 un diritto di <span class=\"excerpt-dots\">&hellip;<\/span> <a class=\"more-link\" href=\"https:\/\/irprout.it\/?page_id=1170\"><span class=\"more-msg\">Continua a leggere<\/span><\/a><\/p>\n","protected":false},"author":3,"featured_media":0,"parent":0,"menu_order":0,"comment_status":"closed","ping_status":"closed","template":"","meta":{"ngg_post_thumbnail":0,"footnotes":""},"class_list":["post-1170","page","type-page","status-publish","hentry"],"yoast_head":"<!-- This site is optimized with the Yoast SEO plugin v26.6 - https:\/\/yoast.com\/wordpress\/plugins\/seo\/ -->\n<title>ELEMENTI DEL SISTEMA ECONOMICO PROUT - Istituto di Ricerca Prout<\/title>\n<meta name=\"robots\" content=\"index, follow, max-snippet:-1, max-image-preview:large, max-video-preview:-1\" \/>\n<link rel=\"canonical\" href=\"https:\/\/irprout.it\/?page_id=1170\" \/>\n<meta property=\"og:locale\" content=\"it_IT\" \/>\n<meta property=\"og:type\" content=\"article\" \/>\n<meta property=\"og:title\" content=\"ELEMENTI DEL SISTEMA ECONOMICO PROUT - Istituto di Ricerca Prout\" \/>\n<meta property=\"og:description\" content=\"&nbsp;sistema&nbsp; &nbsp;economico&nbsp; Alcuni elementi del Sistema Economico PROUT &nbsp;E&#8217; un&#8217;insieme di proposte, idee e programmi innovativi, che&nbsp;rivitalizzano&nbsp;alcuni tratti della teoria economica attuale e aggiungono ad essa elementi totalmente nuovi.&nbsp; &nbsp;Garanzia a tutti delle necessit\u00e0 Basilari&nbsp; L&#8217;idea chiave \u00e8 la Garanzia a tutti delle necessit\u00e0 Basilari, perch\u00e9 \u00e8 un diritto di &hellip; Continua a leggere\" \/>\n<meta property=\"og:url\" content=\"https:\/\/irprout.it\/?page_id=1170\" \/>\n<meta property=\"og:site_name\" content=\"Istituto di Ricerca Prout\" \/>\n<meta property=\"article:modified_time\" content=\"2020-03-27T11:56:56+00:00\" \/>\n<meta property=\"og:image\" content=\"http:\/\/irprout.it\/wp-content\/uploads\/2014\/10\/ECONOMIA_OLIO1-e1424187943610-300x206.jpg\" \/>\n<meta name=\"twitter:label1\" content=\"Tempo di lettura stimato\" \/>\n\t<meta name=\"twitter:data1\" content=\"2 minuti\" \/>\n<script type=\"application\/ld+json\" class=\"yoast-schema-graph\">{\"@context\":\"https:\/\/schema.org\",\"@graph\":[{\"@type\":\"WebPage\",\"@id\":\"https:\/\/irprout.it\/?page_id=1170\",\"url\":\"https:\/\/irprout.it\/?page_id=1170\",\"name\":\"ELEMENTI DEL SISTEMA ECONOMICO PROUT - Istituto di Ricerca Prout\",\"isPartOf\":{\"@id\":\"https:\/\/irprout.it\/#website\"},\"primaryImageOfPage\":{\"@id\":\"https:\/\/irprout.it\/?page_id=1170#primaryimage\"},\"image\":{\"@id\":\"https:\/\/irprout.it\/?page_id=1170#primaryimage\"},\"thumbnailUrl\":\"http:\/\/irprout.it\/wp-content\/uploads\/2014\/10\/ECONOMIA_OLIO1-e1424187943610-300x206.jpg\",\"datePublished\":\"2014-10-30T18:28:30+00:00\",\"dateModified\":\"2020-03-27T11:56:56+00:00\",\"breadcrumb\":{\"@id\":\"https:\/\/irprout.it\/?page_id=1170#breadcrumb\"},\"inLanguage\":\"it-IT\",\"potentialAction\":[{\"@type\":\"ReadAction\",\"target\":[\"https:\/\/irprout.it\/?page_id=1170\"]}]},{\"@type\":\"ImageObject\",\"inLanguage\":\"it-IT\",\"@id\":\"https:\/\/irprout.it\/?page_id=1170#primaryimage\",\"url\":\"https:\/\/irprout.it\/wp-content\/uploads\/2014\/10\/ECONOMIA_OLIO1-e1424187943610.jpg\",\"contentUrl\":\"https:\/\/irprout.it\/wp-content\/uploads\/2014\/10\/ECONOMIA_OLIO1-e1424187943610.jpg\",\"width\":859,\"height\":589},{\"@type\":\"BreadcrumbList\",\"@id\":\"https:\/\/irprout.it\/?page_id=1170#breadcrumb\",\"itemListElement\":[{\"@type\":\"ListItem\",\"position\":1,\"name\":\"Home\",\"item\":\"https:\/\/irprout.it\/\"},{\"@type\":\"ListItem\",\"position\":2,\"name\":\"ELEMENTI DEL SISTEMA ECONOMICO PROUT\"}]},{\"@type\":\"WebSite\",\"@id\":\"https:\/\/irprout.it\/#website\",\"url\":\"https:\/\/irprout.it\/\",\"name\":\"Istituto di Ricerca Prout\",\"description\":\"Istituto di Ricerca Prout\",\"publisher\":{\"@id\":\"https:\/\/irprout.it\/#organization\"},\"potentialAction\":[{\"@type\":\"SearchAction\",\"target\":{\"@type\":\"EntryPoint\",\"urlTemplate\":\"https:\/\/irprout.it\/?s={search_term_string}\"},\"query-input\":{\"@type\":\"PropertyValueSpecification\",\"valueRequired\":true,\"valueName\":\"search_term_string\"}}],\"inLanguage\":\"it-IT\"},{\"@type\":\"Organization\",\"@id\":\"https:\/\/irprout.it\/#organization\",\"name\":\"Istituto di Ricerca Prout\",\"url\":\"https:\/\/irprout.it\/\",\"logo\":{\"@type\":\"ImageObject\",\"inLanguage\":\"it-IT\",\"@id\":\"https:\/\/irprout.it\/#\/schema\/logo\/image\/\",\"url\":\"http:\/\/irprout.it\/wp-content\/uploads\/2014\/10\/logo_IRP_albero300Cor.jpg\",\"contentUrl\":\"http:\/\/irprout.it\/wp-content\/uploads\/2014\/10\/logo_IRP_albero300Cor.jpg\",\"width\":303,\"height\":304,\"caption\":\"Istituto di Ricerca Prout\"},\"image\":{\"@id\":\"https:\/\/irprout.it\/#\/schema\/logo\/image\/\"}}]}<\/script>\n<!-- \/ Yoast SEO plugin. -->","yoast_head_json":{"title":"ELEMENTI DEL SISTEMA ECONOMICO PROUT - Istituto di Ricerca Prout","robots":{"index":"index","follow":"follow","max-snippet":"max-snippet:-1","max-image-preview":"max-image-preview:large","max-video-preview":"max-video-preview:-1"},"canonical":"https:\/\/irprout.it\/?page_id=1170","og_locale":"it_IT","og_type":"article","og_title":"ELEMENTI DEL SISTEMA ECONOMICO PROUT - Istituto di Ricerca Prout","og_description":"&nbsp;sistema&nbsp; &nbsp;economico&nbsp; Alcuni elementi del Sistema Economico PROUT &nbsp;E&#8217; un&#8217;insieme di proposte, idee e programmi innovativi, che&nbsp;rivitalizzano&nbsp;alcuni tratti della teoria economica attuale e aggiungono ad essa elementi totalmente nuovi.&nbsp; &nbsp;Garanzia a tutti delle necessit\u00e0 Basilari&nbsp; L&#8217;idea chiave \u00e8 la Garanzia a tutti delle necessit\u00e0 Basilari, perch\u00e9 \u00e8 un diritto di &hellip; Continua a leggere","og_url":"https:\/\/irprout.it\/?page_id=1170","og_site_name":"Istituto di Ricerca Prout","article_modified_time":"2020-03-27T11:56:56+00:00","og_image":[{"url":"http:\/\/irprout.it\/wp-content\/uploads\/2014\/10\/ECONOMIA_OLIO1-e1424187943610-300x206.jpg","type":"","width":"","height":""}],"twitter_misc":{"Tempo di lettura stimato":"2 minuti"},"schema":{"@context":"https:\/\/schema.org","@graph":[{"@type":"WebPage","@id":"https:\/\/irprout.it\/?page_id=1170","url":"https:\/\/irprout.it\/?page_id=1170","name":"ELEMENTI DEL SISTEMA ECONOMICO PROUT - Istituto di Ricerca Prout","isPartOf":{"@id":"https:\/\/irprout.it\/#website"},"primaryImageOfPage":{"@id":"https:\/\/irprout.it\/?page_id=1170#primaryimage"},"image":{"@id":"https:\/\/irprout.it\/?page_id=1170#primaryimage"},"thumbnailUrl":"http:\/\/irprout.it\/wp-content\/uploads\/2014\/10\/ECONOMIA_OLIO1-e1424187943610-300x206.jpg","datePublished":"2014-10-30T18:28:30+00:00","dateModified":"2020-03-27T11:56:56+00:00","breadcrumb":{"@id":"https:\/\/irprout.it\/?page_id=1170#breadcrumb"},"inLanguage":"it-IT","potentialAction":[{"@type":"ReadAction","target":["https:\/\/irprout.it\/?page_id=1170"]}]},{"@type":"ImageObject","inLanguage":"it-IT","@id":"https:\/\/irprout.it\/?page_id=1170#primaryimage","url":"https:\/\/irprout.it\/wp-content\/uploads\/2014\/10\/ECONOMIA_OLIO1-e1424187943610.jpg","contentUrl":"https:\/\/irprout.it\/wp-content\/uploads\/2014\/10\/ECONOMIA_OLIO1-e1424187943610.jpg","width":859,"height":589},{"@type":"BreadcrumbList","@id":"https:\/\/irprout.it\/?page_id=1170#breadcrumb","itemListElement":[{"@type":"ListItem","position":1,"name":"Home","item":"https:\/\/irprout.it\/"},{"@type":"ListItem","position":2,"name":"ELEMENTI DEL SISTEMA ECONOMICO PROUT"}]},{"@type":"WebSite","@id":"https:\/\/irprout.it\/#website","url":"https:\/\/irprout.it\/","name":"Istituto di Ricerca Prout","description":"Istituto di Ricerca Prout","publisher":{"@id":"https:\/\/irprout.it\/#organization"},"potentialAction":[{"@type":"SearchAction","target":{"@type":"EntryPoint","urlTemplate":"https:\/\/irprout.it\/?s={search_term_string}"},"query-input":{"@type":"PropertyValueSpecification","valueRequired":true,"valueName":"search_term_string"}}],"inLanguage":"it-IT"},{"@type":"Organization","@id":"https:\/\/irprout.it\/#organization","name":"Istituto di Ricerca Prout","url":"https:\/\/irprout.it\/","logo":{"@type":"ImageObject","inLanguage":"it-IT","@id":"https:\/\/irprout.it\/#\/schema\/logo\/image\/","url":"http:\/\/irprout.it\/wp-content\/uploads\/2014\/10\/logo_IRP_albero300Cor.jpg","contentUrl":"http:\/\/irprout.it\/wp-content\/uploads\/2014\/10\/logo_IRP_albero300Cor.jpg","width":303,"height":304,"caption":"Istituto di Ricerca Prout"},"image":{"@id":"https:\/\/irprout.it\/#\/schema\/logo\/image\/"}}]}},"_links":{"self":[{"href":"https:\/\/irprout.it\/index.php?rest_route=\/wp\/v2\/pages\/1170","targetHints":{"allow":["GET"]}}],"collection":[{"href":"https:\/\/irprout.it\/index.php?rest_route=\/wp\/v2\/pages"}],"about":[{"href":"https:\/\/irprout.it\/index.php?rest_route=\/wp\/v2\/types\/page"}],"author":[{"embeddable":true,"href":"https:\/\/irprout.it\/index.php?rest_route=\/wp\/v2\/users\/3"}],"replies":[{"embeddable":true,"href":"https:\/\/irprout.it\/index.php?rest_route=%2Fwp%2Fv2%2Fcomments&post=1170"}],"version-history":[{"count":43,"href":"https:\/\/irprout.it\/index.php?rest_route=\/wp\/v2\/pages\/1170\/revisions"}],"predecessor-version":[{"id":5418,"href":"https:\/\/irprout.it\/index.php?rest_route=\/wp\/v2\/pages\/1170\/revisions\/5418"}],"wp:attachment":[{"href":"https:\/\/irprout.it\/index.php?rest_route=%2Fwp%2Fv2%2Fmedia&parent=1170"}],"curies":[{"name":"wp","href":"https:\/\/api.w.org\/{rel}","templated":true}]}}