{"id":2366,"date":"2015-01-09T16:29:38","date_gmt":"2015-01-09T15:29:38","guid":{"rendered":"http:\/\/irprout.it\/?page_id=2366"},"modified":"2020-01-22T16:53:43","modified_gmt":"2020-01-22T15:53:43","slug":"istituto-di-ricerca-prout","status":"publish","type":"page","link":"https:\/\/irprout.it\/?page_id=2366","title":{"rendered":"Istituto di Ricerca PROUT"},"content":{"rendered":"<div class=\"wpb-content-wrapper\"><p>[vc_row][vc_column][vc_column_text]<span style=\"font-size: 28pt; font-family: arial, helvetica, sans-serif;\"><span style=\"color: #ffffff; background-color: #99cc00;\"><strong>&nbsp;Istituto di Ricerca PROUT&nbsp;<\/strong><\/span><\/span><\/p>\n<p style=\"text-align: left;\"><span style=\"font-size: 14pt; font-family: arial, helvetica, sans-serif;\"><a href=\"https:\/\/irprout.it\/wp-content\/uploads\/2015\/01\/LOGO_OK.jpg\"><img decoding=\"async\" class=\"size-full wp-image-2745 alignright lazyload\" data-src=\"https:\/\/irprout.it\/wp-content\/uploads\/2015\/01\/LOGO_OK.jpg\" alt=\"LOGO_OK\" width=\"380\" height=\"442\" data-srcset=\"https:\/\/irprout.it\/wp-content\/uploads\/2015\/01\/LOGO_OK.jpg 380w, https:\/\/irprout.it\/wp-content\/uploads\/2015\/01\/LOGO_OK-258x300.jpg 258w\" data-sizes=\"(max-width: 380px) 100vw, 380px\" src=\"data:image\/svg+xml;base64,PHN2ZyB3aWR0aD0iMSIgaGVpZ2h0PSIxIiB4bWxucz0iaHR0cDovL3d3dy53My5vcmcvMjAwMC9zdmciPjwvc3ZnPg==\" style=\"--smush-placeholder-width: 380px; --smush-placeholder-aspect-ratio: 380\/442;\" \/><\/a><span style=\"background-color: #999999; font-size: 16pt;\"><strong><span style=\"color: #ffffff;\">&nbsp;PROUT Research Institute&nbsp;<\/span><\/strong><\/span><\/span><\/p>\n<p><span style=\"color: #3366ff; font-family: arial, helvetica, sans-serif;\"><span style=\"font-size: 18pt;\"><strong><span style=\"background-color: #99cc00; color: #ffffff;\">&nbsp;Premessa&nbsp;<\/span><\/strong><\/span><br \/>\n<\/span><\/p>\n<p><span style=\"font-family: arial, helvetica, sans-serif;\"><strong>Garantire le NECESSITA&#8217; BASILARI&nbsp;per l&#8217;esistenza (alimenti, vestiario, abitazione, cure mediche ed istruzione), lo sviluppo delle proprie potenzialit\u00e0 individuali,<\/strong> di natura fisica, mentale e spirituale e l&#8217;equilibrio con la natura, \u00e8 l&#8217;obiettivo fondamentale della<strong> Teoria Economica PROUT<\/strong>.<\/span><\/p>\n<p><span style=\"font-family: arial, helvetica, sans-serif;\">L&#8217;<strong>Istituto di Ricerca PROUT<\/strong> studia e ricerca soluzioni ai problemi sociali, economici, politici e culturali che affliggono la nostra societ\u00e0, alla luce della Teoria Economica PROUT.<\/span><\/p>\n<p><span style=\"color: #3366ff; font-family: arial, helvetica, sans-serif; font-size: 18pt;\"><span style=\"background-color: #99cc00; color: #ffffff;\"><strong>&nbsp;Obiettivi&nbsp;<\/strong><\/span><\/span><\/p>\n<p><span style=\"font-family: arial, helvetica, sans-serif;\">L&#8217;<strong>Istituto di Ricerca Prout<\/strong>&nbsp;offre un <strong>sistema di principi pratici<\/strong> di progettazione sociale ed economica, per uno sviluppo equilibrato e il ripristino della vitalit\u00e0 sociale.<\/span><\/p>\n<p><span style=\"font-family: arial, helvetica, sans-serif;\">Uno degli obiettivi dell\u2019<strong>Istituto di Ricerca Prout<\/strong> \u00e8 la responsabilizzazione delle persone a migliorare la propria qualit\u00e0 di vita, di vivere in una societ\u00e0 pi\u00f9 giusta, favorendo lo sviluppo di cooperative, comunit\u00e0 autosufficienti, protezione ambientale, etica e valori universali spirituali.<\/span><\/p>\n<p><span style=\"font-family: arial, helvetica, sans-serif;\">L\u2019<strong>Istituto di Ricerca Prou<\/strong>t \u00e8 un istituto indipendente, riconosciuto dalla comunit\u00e0 internazionale per le sue ricerche, formazione, convegni e pubblicazioni. Studieremo il potenziale di ogni zona socio-economica e analizzeremo le attuali politiche economiche, applicando i principi dinamici del PROUT per migliorare, con parametri misurabili, il tenore e la qualit\u00e0 della vita dei cittadini.<\/span><\/p>\n<p><span style=\"font-family: arial, helvetica, sans-serif;\">Siamo impegnati a <strong>rafforzare le cooperative di lavoro<\/strong>, in maniera che le persone, cooperando in modo coordinato e non subordinato, diventino una forza reale nella&nbsp;creazione di una vera democrazia economica e autosufficienza regionale. Promuoviamo l&#8217;istruzione di alta qualit\u00e0 e il risveglio delle coscienze, lavoriamo per consentire alle comunit\u00e0 di determinare il proprio futuro economico.<\/span><\/p>\n<p><span style=\"font-family: arial, helvetica, sans-serif;\">Ci\u00f2 \u00e8 realizzabile, secondo il&nbsp;Prout, attraverso il <strong>massimo uso razionale e sostenibile delle risorse<\/strong> naturali, nonch\u00e9 lo sviluppo del potenziale fisico, mentale e spirituale delle persone e un progressivo aumento del benessere per tutti gli esseri viventi.<\/span><\/p>\n<p><span style=\"font-family: arial, helvetica, sans-serif;\">L&#8217;<strong>Istituto di Ricerca PROUT<\/strong>, sviluppa proposte concrete che promuovono il territorio, le riforme fiscali e monetarie, l&#8217;autosufficienza economica ed altre iniziative positive.<\/span><\/p>\n<p><span style=\"font-family: arial, helvetica, sans-serif;\"><strong>Cooperiamo con altre organizzazioni governative e non governative<\/strong> in circa 42 paesi nel mondo, per lo sviluppo integrale e sostenibile di ogni Paese.<\/span><\/p>\n<p><span style=\"color: #ffffff; font-family: arial, helvetica, sans-serif; font-size: 18pt; background-color: #99cc00;\"><strong>&nbsp;I Valori&nbsp;<\/strong><\/span><\/p>\n<p>Noi crediamo che tutte le persone abbiano:<\/p>\n<ul style=\"text-align: left;\">\n<li><span style=\"color: #339966; font-size: 12pt;\"><strong><span style=\"font-family: arial, helvetica, sans-serif;\">Il diritto di vivere dignitosamente con le necessit\u00e0 minime garantite: alimenti, vestiario, alloggio, istruzione e cure mediche.<\/span><\/strong><\/span><\/li>\n<li><span style=\"color: #339966; font-size: 12pt;\"><strong><span style=\"font-family: arial, helvetica, sans-serif;\">Il diritto a un lavoro onesto con salari e un ambiente sostenibile pulito<\/span><\/strong><\/span><\/li>\n<li><span style=\"color: #339966; font-size: 12pt;\"><strong><span style=\"font-family: arial, helvetica, sans-serif;\">Il potere di prendere decisioni sulle proprie risorse, l&#8217;ambiente e le condizioni di lavoro<\/span><\/strong><\/span><\/li>\n<li><span style=\"color: #339966; font-size: 12pt;\"><strong><span style=\"font-family: arial, helvetica, sans-serif;\">Commercio giusto e sostenibile.<\/span><\/strong><\/span><\/li>\n<\/ul>\n<p style=\"text-align: left;\"><span style=\"color: #ffffff; font-family: arial, helvetica, sans-serif; background-color: #99cc00; font-size: 18pt;\"><strong>&nbsp;Ci opponiamo:&nbsp;<\/strong><\/span><\/p>\n<ul style=\"text-align: left;\">\n<li><span style=\"font-size: 12pt; color: #339966;\"><strong><span style=\"font-family: arial, helvetica, sans-serif;\">alla corruzione<\/span><\/strong><\/span><\/li>\n<li><span style=\"font-size: 12pt; color: #339966;\"><strong><span style=\"font-family: arial, helvetica, sans-serif;\">alla violazioni dei diritti umani<\/span><\/strong><\/span><\/li>\n<li><span style=\"font-size: 12pt; color: #339966;\"><strong><span style=\"font-family: arial, helvetica, sans-serif;\">alle pratiche commerciali ecologicamente insostenibili<\/span><\/strong><\/span><\/li>\n<li><span style=\"font-size: 12pt; color: #339966;\"><strong><span style=\"font-family: arial, helvetica, sans-serif;\">alle regole economiche che impattano negativamente sulle comunit\u00e0, i governi nazionali e intere regioni del mondo<\/span><\/strong><\/span><\/li>\n<li><span style=\"font-size: 12pt; color: #339966;\"><strong><span style=\"font-family: arial, helvetica, sans-serif;\">alla concentrazione della propriet\u00e0 della ricchezza, della terra e delle risorse naturali nelle mani di poche persone e organizzazioni.<\/span><\/strong><\/span><\/li>\n<\/ul>\n<p style=\"text-align: left;\"><span style=\"font-family: arial, helvetica, sans-serif;\">&nbsp;<\/span><\/p>\n<p>[\/vc_column_text][\/vc_column][\/vc_row]<\/p>\n<\/div>","protected":false},"excerpt":{"rendered":"<p>[vc_row][vc_column][vc_column_text]&nbsp;Istituto di Ricerca PROUT&nbsp; &nbsp;PROUT Research Institute&nbsp; &nbsp;Premessa&nbsp; Garantire le NECESSITA&#8217; BASILARI&nbsp;per l&#8217;esistenza (alimenti, vestiario, abitazione, cure mediche ed istruzione), lo sviluppo delle proprie potenzialit\u00e0 individuali, di natura fisica, mentale e spirituale e l&#8217;equilibrio con la natura, \u00e8 l&#8217;obiettivo fondamentale della Teoria Economica PROUT. L&#8217;Istituto di Ricerca PROUT studia e <span class=\"excerpt-dots\">&hellip;<\/span> <a class=\"more-link\" href=\"https:\/\/irprout.it\/?page_id=2366\"><span class=\"more-msg\">Continua a leggere<\/span><\/a><\/p>\n","protected":false},"author":3,"featured_media":0,"parent":0,"menu_order":0,"comment_status":"closed","ping_status":"closed","template":"","meta":{"ngg_post_thumbnail":0,"footnotes":""},"class_list":["post-2366","page","type-page","status-publish","hentry"],"yoast_head":"<!-- This site is optimized with the Yoast SEO plugin v26.6 - https:\/\/yoast.com\/wordpress\/plugins\/seo\/ -->\n<title>Istituto di Ricerca PROUT - Istituto di Ricerca Prout<\/title>\n<meta name=\"robots\" content=\"index, follow, max-snippet:-1, max-image-preview:large, max-video-preview:-1\" \/>\n<link rel=\"canonical\" href=\"https:\/\/irprout.it\/?page_id=2366\" \/>\n<meta property=\"og:locale\" content=\"it_IT\" \/>\n<meta property=\"og:type\" content=\"article\" \/>\n<meta property=\"og:title\" content=\"Istituto di Ricerca PROUT - Istituto di Ricerca Prout\" \/>\n<meta property=\"og:description\" content=\"[vc_row][vc_column][vc_column_text]&nbsp;Istituto di Ricerca PROUT&nbsp; &nbsp;PROUT Research Institute&nbsp; &nbsp;Premessa&nbsp; Garantire le NECESSITA&#8217; BASILARI&nbsp;per l&#8217;esistenza (alimenti, vestiario, abitazione, cure mediche ed istruzione), lo sviluppo delle proprie potenzialit\u00e0 individuali, di natura fisica, mentale e spirituale e l&#8217;equilibrio con la natura, \u00e8 l&#8217;obiettivo fondamentale della Teoria Economica PROUT. L&#8217;Istituto di Ricerca PROUT studia e &hellip; Continua a leggere\" \/>\n<meta property=\"og:url\" content=\"https:\/\/irprout.it\/?page_id=2366\" \/>\n<meta property=\"og:site_name\" content=\"Istituto di Ricerca Prout\" \/>\n<meta property=\"article:modified_time\" content=\"2020-01-22T15:53:43+00:00\" \/>\n<meta property=\"og:image\" content=\"http:\/\/irprout.it\/wp-content\/uploads\/2015\/01\/LOGO_OK.jpg\" \/>\n<meta name=\"twitter:label1\" content=\"Tempo di lettura stimato\" \/>\n\t<meta name=\"twitter:data1\" content=\"2 minuti\" \/>\n<script type=\"application\/ld+json\" class=\"yoast-schema-graph\">{\"@context\":\"https:\/\/schema.org\",\"@graph\":[{\"@type\":\"WebPage\",\"@id\":\"https:\/\/irprout.it\/?page_id=2366\",\"url\":\"https:\/\/irprout.it\/?page_id=2366\",\"name\":\"Istituto di Ricerca PROUT - Istituto di Ricerca Prout\",\"isPartOf\":{\"@id\":\"https:\/\/irprout.it\/#website\"},\"primaryImageOfPage\":{\"@id\":\"https:\/\/irprout.it\/?page_id=2366#primaryimage\"},\"image\":{\"@id\":\"https:\/\/irprout.it\/?page_id=2366#primaryimage\"},\"thumbnailUrl\":\"http:\/\/irprout.it\/wp-content\/uploads\/2015\/01\/LOGO_OK.jpg\",\"datePublished\":\"2015-01-09T15:29:38+00:00\",\"dateModified\":\"2020-01-22T15:53:43+00:00\",\"breadcrumb\":{\"@id\":\"https:\/\/irprout.it\/?page_id=2366#breadcrumb\"},\"inLanguage\":\"it-IT\",\"potentialAction\":[{\"@type\":\"ReadAction\",\"target\":[\"https:\/\/irprout.it\/?page_id=2366\"]}]},{\"@type\":\"ImageObject\",\"inLanguage\":\"it-IT\",\"@id\":\"https:\/\/irprout.it\/?page_id=2366#primaryimage\",\"url\":\"http:\/\/irprout.it\/wp-content\/uploads\/2015\/01\/LOGO_OK.jpg\",\"contentUrl\":\"http:\/\/irprout.it\/wp-content\/uploads\/2015\/01\/LOGO_OK.jpg\"},{\"@type\":\"BreadcrumbList\",\"@id\":\"https:\/\/irprout.it\/?page_id=2366#breadcrumb\",\"itemListElement\":[{\"@type\":\"ListItem\",\"position\":1,\"name\":\"Home\",\"item\":\"https:\/\/irprout.it\/\"},{\"@type\":\"ListItem\",\"position\":2,\"name\":\"Istituto di Ricerca PROUT\"}]},{\"@type\":\"WebSite\",\"@id\":\"https:\/\/irprout.it\/#website\",\"url\":\"https:\/\/irprout.it\/\",\"name\":\"Istituto di Ricerca Prout\",\"description\":\"Istituto di Ricerca Prout\",\"publisher\":{\"@id\":\"https:\/\/irprout.it\/#organization\"},\"potentialAction\":[{\"@type\":\"SearchAction\",\"target\":{\"@type\":\"EntryPoint\",\"urlTemplate\":\"https:\/\/irprout.it\/?s={search_term_string}\"},\"query-input\":{\"@type\":\"PropertyValueSpecification\",\"valueRequired\":true,\"valueName\":\"search_term_string\"}}],\"inLanguage\":\"it-IT\"},{\"@type\":\"Organization\",\"@id\":\"https:\/\/irprout.it\/#organization\",\"name\":\"Istituto di Ricerca Prout\",\"url\":\"https:\/\/irprout.it\/\",\"logo\":{\"@type\":\"ImageObject\",\"inLanguage\":\"it-IT\",\"@id\":\"https:\/\/irprout.it\/#\/schema\/logo\/image\/\",\"url\":\"http:\/\/irprout.it\/wp-content\/uploads\/2014\/10\/logo_IRP_albero300Cor.jpg\",\"contentUrl\":\"http:\/\/irprout.it\/wp-content\/uploads\/2014\/10\/logo_IRP_albero300Cor.jpg\",\"width\":303,\"height\":304,\"caption\":\"Istituto di Ricerca Prout\"},\"image\":{\"@id\":\"https:\/\/irprout.it\/#\/schema\/logo\/image\/\"}}]}<\/script>\n<!-- \/ Yoast SEO plugin. -->","yoast_head_json":{"title":"Istituto di Ricerca PROUT - Istituto di Ricerca Prout","robots":{"index":"index","follow":"follow","max-snippet":"max-snippet:-1","max-image-preview":"max-image-preview:large","max-video-preview":"max-video-preview:-1"},"canonical":"https:\/\/irprout.it\/?page_id=2366","og_locale":"it_IT","og_type":"article","og_title":"Istituto di Ricerca PROUT - Istituto di Ricerca Prout","og_description":"[vc_row][vc_column][vc_column_text]&nbsp;Istituto di Ricerca PROUT&nbsp; &nbsp;PROUT Research Institute&nbsp; &nbsp;Premessa&nbsp; Garantire le NECESSITA&#8217; BASILARI&nbsp;per l&#8217;esistenza (alimenti, vestiario, abitazione, cure mediche ed istruzione), lo sviluppo delle proprie potenzialit\u00e0 individuali, di natura fisica, mentale e spirituale e l&#8217;equilibrio con la natura, \u00e8 l&#8217;obiettivo fondamentale della Teoria Economica PROUT. L&#8217;Istituto di Ricerca PROUT studia e &hellip; Continua a leggere","og_url":"https:\/\/irprout.it\/?page_id=2366","og_site_name":"Istituto di Ricerca Prout","article_modified_time":"2020-01-22T15:53:43+00:00","og_image":[{"url":"http:\/\/irprout.it\/wp-content\/uploads\/2015\/01\/LOGO_OK.jpg","type":"","width":"","height":""}],"twitter_misc":{"Tempo di lettura stimato":"2 minuti"},"schema":{"@context":"https:\/\/schema.org","@graph":[{"@type":"WebPage","@id":"https:\/\/irprout.it\/?page_id=2366","url":"https:\/\/irprout.it\/?page_id=2366","name":"Istituto di Ricerca PROUT - Istituto di Ricerca Prout","isPartOf":{"@id":"https:\/\/irprout.it\/#website"},"primaryImageOfPage":{"@id":"https:\/\/irprout.it\/?page_id=2366#primaryimage"},"image":{"@id":"https:\/\/irprout.it\/?page_id=2366#primaryimage"},"thumbnailUrl":"http:\/\/irprout.it\/wp-content\/uploads\/2015\/01\/LOGO_OK.jpg","datePublished":"2015-01-09T15:29:38+00:00","dateModified":"2020-01-22T15:53:43+00:00","breadcrumb":{"@id":"https:\/\/irprout.it\/?page_id=2366#breadcrumb"},"inLanguage":"it-IT","potentialAction":[{"@type":"ReadAction","target":["https:\/\/irprout.it\/?page_id=2366"]}]},{"@type":"ImageObject","inLanguage":"it-IT","@id":"https:\/\/irprout.it\/?page_id=2366#primaryimage","url":"http:\/\/irprout.it\/wp-content\/uploads\/2015\/01\/LOGO_OK.jpg","contentUrl":"http:\/\/irprout.it\/wp-content\/uploads\/2015\/01\/LOGO_OK.jpg"},{"@type":"BreadcrumbList","@id":"https:\/\/irprout.it\/?page_id=2366#breadcrumb","itemListElement":[{"@type":"ListItem","position":1,"name":"Home","item":"https:\/\/irprout.it\/"},{"@type":"ListItem","position":2,"name":"Istituto di Ricerca PROUT"}]},{"@type":"WebSite","@id":"https:\/\/irprout.it\/#website","url":"https:\/\/irprout.it\/","name":"Istituto di Ricerca Prout","description":"Istituto di Ricerca Prout","publisher":{"@id":"https:\/\/irprout.it\/#organization"},"potentialAction":[{"@type":"SearchAction","target":{"@type":"EntryPoint","urlTemplate":"https:\/\/irprout.it\/?s={search_term_string}"},"query-input":{"@type":"PropertyValueSpecification","valueRequired":true,"valueName":"search_term_string"}}],"inLanguage":"it-IT"},{"@type":"Organization","@id":"https:\/\/irprout.it\/#organization","name":"Istituto di Ricerca Prout","url":"https:\/\/irprout.it\/","logo":{"@type":"ImageObject","inLanguage":"it-IT","@id":"https:\/\/irprout.it\/#\/schema\/logo\/image\/","url":"http:\/\/irprout.it\/wp-content\/uploads\/2014\/10\/logo_IRP_albero300Cor.jpg","contentUrl":"http:\/\/irprout.it\/wp-content\/uploads\/2014\/10\/logo_IRP_albero300Cor.jpg","width":303,"height":304,"caption":"Istituto di Ricerca Prout"},"image":{"@id":"https:\/\/irprout.it\/#\/schema\/logo\/image\/"}}]}},"_links":{"self":[{"href":"https:\/\/irprout.it\/index.php?rest_route=\/wp\/v2\/pages\/2366","targetHints":{"allow":["GET"]}}],"collection":[{"href":"https:\/\/irprout.it\/index.php?rest_route=\/wp\/v2\/pages"}],"about":[{"href":"https:\/\/irprout.it\/index.php?rest_route=\/wp\/v2\/types\/page"}],"author":[{"embeddable":true,"href":"https:\/\/irprout.it\/index.php?rest_route=\/wp\/v2\/users\/3"}],"replies":[{"embeddable":true,"href":"https:\/\/irprout.it\/index.php?rest_route=%2Fwp%2Fv2%2Fcomments&post=2366"}],"version-history":[{"count":12,"href":"https:\/\/irprout.it\/index.php?rest_route=\/wp\/v2\/pages\/2366\/revisions"}],"predecessor-version":[{"id":4744,"href":"https:\/\/irprout.it\/index.php?rest_route=\/wp\/v2\/pages\/2366\/revisions\/4744"}],"wp:attachment":[{"href":"https:\/\/irprout.it\/index.php?rest_route=%2Fwp%2Fv2%2Fmedia&parent=2366"}],"curies":[{"name":"wp","href":"https:\/\/api.w.org\/{rel}","templated":true}]}}