{"id":27,"date":"2014-09-23T08:21:01","date_gmt":"2014-09-23T08:21:01","guid":{"rendered":"http:\/\/irprout.it\/?page_id=27"},"modified":"2018-02-13T16:21:15","modified_gmt":"2018-02-13T15:21:15","slug":"la-teoria-prout","status":"publish","type":"page","link":"https:\/\/irprout.it\/?page_id=27","title":{"rendered":"LA TEORIA SOCIO-ECONOMICA PROUT"},"content":{"rendered":"<p style=\"text-align: left;\"><span style=\"font-size: 28pt; color: #ffffff; background-color: #99cc00;\"><strong>\u00a0la teoria socio-economica prout\u00a0<\/strong><\/span><\/p>\n<p style=\"text-align: left;\"><span style=\"font-family: arial, helvetica, sans-serif; font-size: 14pt;\">PROUT \u00e8 l\u2019abbreviazione di PROgressive Utilization Theory, Teoria dell\u2019Utilizzazione Progressiva o Socialismo Umanistico.\u00a0<\/span><\/p>\n<p style=\"text-align: left;\"><span style=\"font-family: arial, helvetica, sans-serif;\">Una Teoria socio-economica esposta per la prima volta nel 1956 dal filosofo P.R.Sarkar. Per dare un&#8217;idea pratica dell&#8217;importanza del PROUT, per la nostra societ\u00e0, vediamo una sua caratteristica chiave:<\/span><\/p>\n<hr \/>\n<p><span style=\"font-size: 14pt; color: #ffffff; background-color: #99cc00;\"><strong>\u00a0Pianificazione decentralizzata\u00a0<\/strong><\/span><br \/>\n<span style=\"font-size: 10pt;\"><strong>La pianificazione economica proutista<\/strong> si basa sull&#8217;ideale del benessere di tutti. Questo ideale guida illuminer\u00e0 il percorso di liberazione socio-economica degli esseri umani. La pianificazione capitalista non \u00e8 basata sul benessere collettivo ma su interessi individuali o di gruppo. Una caratteristica principale dello sfruttamento capitalista \u00e8 che i capitalisti acquisiscono il controllo sulle materie prime in una regione alla ricerca del profitto. Non dovrebbe essere permesso a questo stato di cose di continuare. Piuttosto, <strong>le risorse disponibili devono essere utilizzate per lo sviluppo socio-economico della popolazione locale.<\/strong><\/span><\/p>\n<p><span style=\"font-size: 10pt;\">Nella pianificazione economica proutista, ogni sezione della societ\u00e0 rientrer\u00e0 nell&#8217;ambito della pianificazione. <strong>Sar\u00e0 possibile non solo realizzare le speranze e le aspirazioni economiche della popolazione locale, ma gli interessi individuali, di gruppo o di partito non avranno pi\u00f9 possibilit\u00e0 di controllare l&#8217;economia<\/strong>. Attraverso questo approccio, \u00e8 possibile realizzare la crescita a 360 gradi degli individui e della collettivit\u00e0. La formazione di un tale ambiente socio-economico soddisfer\u00e0 non solo i bisogni materiali degli esseri umani, ma fornir\u00e0 anche una solida base per la loro elevazione psichica e spirituale.<\/span><\/p>\n<p><span style=\"background-color: #99cc00; color: #ffffff;\"><strong><span style=\"font-size: 14pt; background-color: #99cc00;\">\u00a0Pianificazione dello sviluppo\u00a0<\/span><\/strong><\/span><\/p>\n<p><span style=\"color: #339966;\"><em><span style=\"font-size: 12pt;\"><strong>&#8230; sar\u00e0 distrutto il \u2018seme\u2019 della centralizzazione economica.<\/strong><\/span><\/em><\/span><\/p>\n<p>L&#8217;economia decentralizzata di PROUT segue uno specifico principio guida. In altre parole, un&#8217;efficace pianificazione economica dovrebbe basarsi su quattro fattori fondamentali: <strong>costo della produzione<\/strong>, <strong>produttivit\u00e0<\/strong>, <strong>capacit\u00e0 di acquisto<\/strong> e <strong>necessit\u00e0 collettiva<\/strong>. Altri fattori correlati includono <strong>risorse naturali<\/strong>, <strong>caratteristiche geografiche<\/strong>, <strong>clima<\/strong>, <strong>sistemi fluviali<\/strong>, <strong>trasporti<\/strong>, <strong>potenzialit\u00e0 industriali<\/strong>, <strong>patrimonio culturale<\/strong> e <strong>condizioni sociali<\/strong>.<\/p>\n<p>A causa della mancanza di un principio ben definito di pianificazione economica e del predominanza di vari sentimenti restrittivi, l&#8217;economia indiana \u00e8 stata paralizzata dall&#8217;inerzia. Le fabbriche d&#8217;acciaio sono state costruite dove non c&#8217;\u00e8 energia a basso costo e grandi raffinerie di petrolio come quelle di Mathura e Barauni sono state costruite dove non ci sono materie prime entro 1000 miglia. Tale politica non \u00e8 solo un grande spreco e un uso improprio delle risorse, ma illustra anche la mancanza di lungimiranza e ignoranza dei pianificatori dell&#8217;India.<\/p>\n<p>Questa situazione ricorda il periodo britannico quando la juta grezza del Bengala fu inviata a Dundee in Gran Bretagna per sviluppare l&#8217;industria della iuta britannica. Quando la fornitura di juta grezza dal Bengala fu interrotta, tutte le fabbriche di iuta a Dundee furono chiuse. Se i prodotti di juta finiti prodotti a Dundee non fossero stati venduti in Bengala, l&#8217;industria della juta di Dundee non sarebbe sopravvissuta.<\/p>\n<p>Quindi, sulla base dei fattori sopra elencati, ogni unit\u00e0 socio-economica dovrebbe elaborare il proprio piano di sviluppo per <strong>l&#8217;autosufficienza socio-economica<\/strong> e quindi attuarla.<\/p>\n<p><span style=\"background-color: #ddffcc;\"><strong>La pianificazione centralizzata \u00e8 totalmente fallita in tutti i paesi del mondo<\/strong>, inclusa l&#8217;India. Nel sistema di pianificazione decentralizzata del PROUT, dovrebbe esserci un piano coordinato per l&#8217;intera unit\u00e0 socio-economica sulla base di una pianificazione a livello di blocco. Inoltre, ci dovrebbe essere un&#8217;adeguata pianificazione a livello di blocco in tutta l&#8217;unit\u00e0 socio-economica. <strong>In questo modo sar\u00e0 distrutto il \u2018seme\u2019 della centralizzazione economica.<\/strong><\/span><\/p>\n<hr \/>\n<p style=\"text-align: left;\"><span style=\"font-family: arial, helvetica, sans-serif;\"><strong>Il PROUT \u00e8 un sistema strutturato di principi guida<\/strong> per l\u2019organizzazione di una societ\u00e0 nella quale tutti gli esseri umani possano sviluppare le proprie potenzialit\u00e0 fisiche mentali e spirituali.<\/span><\/p>\n<p style=\"text-align: left;\"><span style=\"font-family: arial, helvetica, sans-serif;\"><strong>Le politiche di sviluppo<\/strong> basate sulla globalizzazione economica come quelle basate sullo statalismo centralizzato stanno spingendo l\u2019intera umanit\u00e0 in un tunnel di degrado ambientale, sfruttamento e negazione dei pi\u00f9 elementari diritti. I continui focolai di nazionalismo che si accendono sparsi per il pianeta danno luogo a continue rivalit\u00e0 e conflitti, politici e sociali.<\/span><\/p>\n<p style=\"text-align: left;\"><span style=\"font-family: arial, helvetica, sans-serif;\"><strong>L\u2019originalit\u00e0 del PROUT<\/strong> consiste nel presentare modelli di \u2018sistema socioeconomico\u2019 basati sul sentimento dell\u2019Universalismo cio\u00e8 la visione di totale compassione\u00a0e spirito di benevolenza verso tutti gli esseri esistenti, realizzato attraverso gli ideali del Neoumanesimo. Il PROUT \u00e8 la realizzazione pratica di questi ideali.<\/span><\/p>\n<p style=\"text-align: left;\"><span style=\"font-family: arial, helvetica, sans-serif; font-size: 18pt; background-color: #99cc00; color: #ffffff;\"><strong>\u00a0Il PROUT propone:\u00a0<\/strong><\/span><\/p>\n<ul>\n<li style=\"text-align: left;\"><span style=\"font-family: arial, helvetica, sans-serif;\"><strong>una nuova concezione di Progresso<\/strong> sulla base del diritto di tutti gli esseri umani alla garanzia delle minime necessit\u00e0 (cibo, casa, indumenti, istruzione, sanit\u00e0) e della distribuzione della ricchezza.<\/span><\/li>\n<li style=\"text-align: left;\"><span style=\"font-family: arial, helvetica, sans-serif;\"><strong>una nuova concezione di gestione delle risorse <\/strong>basato sull&#8217;utilizzo e non sulla &#8220;proprieta&#8217; &#8220;<\/span><\/li>\n<\/ul>\n<p style=\"text-align: left;\"><span style=\"font-family: arial, helvetica, sans-serif;\"><strong>Il PROUT favorisce il massimo sviluppo della ricerca e della scienza<\/strong> ed impone che tutte le conoscenze siano applicate con la massima attenzione per prevenire il danneggiamento dell\u2019ambiente e migliorare al massimo la vita di tutti gli esseri.<\/span><\/p>\n<p style=\"text-align: left;\"><span style=\"font-family: arial, helvetica, sans-serif;\"><strong>Il PROUT applica la decentralizzazione economica e promuove l\u2019autosufficienza e l\u2019autodeterminazione dei popoli.<\/strong> I popoli di tutto il pianeta, evitando la dipendenza da altre economie, potranno incrementare il proprio livello di vita liberandosi dallo sfruttamento che accompagna il potere economico centralizzato e di monopolio e realizzare la Democrazia Economica.<\/span><\/p>\n<p style=\"text-align: left;\"><span style=\"font-family: arial, helvetica, sans-serif;\">In questo sito troverete una serie di strumenti per analizzare, studiare ed applicare l\u2019economia, la politica, la storia, la sociologia ecc. in una prospettiva moderna ed originale.<\/span><\/p>\n<hr \/>\n<p style=\"text-align: left;\"><span style=\"background-color: #cccccc;\"><span style=\"color: #000080;\"><span style=\"font-family: arial, helvetica, sans-serif;\"><span style=\"font-size: 12pt;\"><a style=\"color: #000080; background-color: #cccccc;\" href=\"https:\/\/irprout.it\/wp-content\/uploads\/2014\/09\/MAPPA-CONCETTUALE-COMPLETA2.pdf\" target=\"_blank\" rel=\"noopener\">\u00a0scarica la Ma<\/a>ppa Concettuale Completa<\/span><\/span><\/span><span style=\"color: #000080;\"><strong><span style=\"font-family: arial, helvetica, sans-serif;\">\u00a0\u00a0<\/span><\/strong><\/span><\/span><\/p>\n<p style=\"text-align: left;\"><span style=\"font-family: arial, helvetica, sans-serif;\">\u00a0<\/span><\/p>\n","protected":false},"excerpt":{"rendered":"<p>\u00a0la teoria socio-economica prout\u00a0 PROUT \u00e8 l\u2019abbreviazione di PROgressive Utilization Theory, Teoria dell\u2019Utilizzazione Progressiva o Socialismo Umanistico.\u00a0 Una Teoria socio-economica esposta per la prima volta nel 1956 dal filosofo P.R.Sarkar. Per dare un&#8217;idea pratica dell&#8217;importanza del PROUT, per la nostra societ\u00e0, vediamo una sua caratteristica chiave: \u00a0Pianificazione decentralizzata\u00a0 La pianificazione <span class=\"excerpt-dots\">&hellip;<\/span> <a class=\"more-link\" href=\"https:\/\/irprout.it\/?page_id=27\"><span class=\"more-msg\">Continua a leggere<\/span><\/a><\/p>\n","protected":false},"author":5,"featured_media":0,"parent":10,"menu_order":0,"comment_status":"closed","ping_status":"closed","template":"","meta":{"ngg_post_thumbnail":0,"footnotes":""},"class_list":["post-27","page","type-page","status-publish","hentry"],"yoast_head":"<!-- This site is optimized with the Yoast SEO plugin v26.6 - https:\/\/yoast.com\/wordpress\/plugins\/seo\/ -->\n<title>LA TEORIA SOCIO-ECONOMICA PROUT - Istituto di Ricerca Prout<\/title>\n<meta name=\"robots\" content=\"index, follow, max-snippet:-1, max-image-preview:large, max-video-preview:-1\" \/>\n<link rel=\"canonical\" href=\"https:\/\/irprout.it\/?page_id=27\" \/>\n<meta property=\"og:locale\" content=\"it_IT\" \/>\n<meta property=\"og:type\" content=\"article\" \/>\n<meta property=\"og:title\" content=\"LA TEORIA SOCIO-ECONOMICA PROUT - Istituto di Ricerca Prout\" \/>\n<meta property=\"og:description\" content=\"\u00a0la teoria socio-economica prout\u00a0 PROUT \u00e8 l\u2019abbreviazione di PROgressive Utilization Theory, Teoria dell\u2019Utilizzazione Progressiva o Socialismo Umanistico.\u00a0 Una Teoria socio-economica esposta per la prima volta nel 1956 dal filosofo P.R.Sarkar. Per dare un&#8217;idea pratica dell&#8217;importanza del PROUT, per la nostra societ\u00e0, vediamo una sua caratteristica chiave: \u00a0Pianificazione decentralizzata\u00a0 La pianificazione &hellip; Continua a leggere\" \/>\n<meta property=\"og:url\" content=\"https:\/\/irprout.it\/?page_id=27\" \/>\n<meta property=\"og:site_name\" content=\"Istituto di Ricerca Prout\" \/>\n<meta property=\"article:modified_time\" content=\"2018-02-13T15:21:15+00:00\" \/>\n<meta name=\"twitter:label1\" content=\"Tempo di lettura stimato\" \/>\n\t<meta name=\"twitter:data1\" content=\"4 minuti\" \/>\n<script type=\"application\/ld+json\" class=\"yoast-schema-graph\">{\"@context\":\"https:\/\/schema.org\",\"@graph\":[{\"@type\":\"WebPage\",\"@id\":\"https:\/\/irprout.it\/?page_id=27\",\"url\":\"https:\/\/irprout.it\/?page_id=27\",\"name\":\"LA TEORIA SOCIO-ECONOMICA PROUT - Istituto di Ricerca Prout\",\"isPartOf\":{\"@id\":\"https:\/\/irprout.it\/#website\"},\"datePublished\":\"2014-09-23T08:21:01+00:00\",\"dateModified\":\"2018-02-13T15:21:15+00:00\",\"breadcrumb\":{\"@id\":\"https:\/\/irprout.it\/?page_id=27#breadcrumb\"},\"inLanguage\":\"it-IT\",\"potentialAction\":[{\"@type\":\"ReadAction\",\"target\":[\"https:\/\/irprout.it\/?page_id=27\"]}]},{\"@type\":\"BreadcrumbList\",\"@id\":\"https:\/\/irprout.it\/?page_id=27#breadcrumb\",\"itemListElement\":[{\"@type\":\"ListItem\",\"position\":1,\"name\":\"Home\",\"item\":\"https:\/\/irprout.it\/\"},{\"@type\":\"ListItem\",\"position\":2,\"name\":\"COS&#8217;E&#8217; PROUT\",\"item\":\"https:\/\/irprout.it\/?page_id=10\"},{\"@type\":\"ListItem\",\"position\":3,\"name\":\"LA TEORIA SOCIO-ECONOMICA PROUT\"}]},{\"@type\":\"WebSite\",\"@id\":\"https:\/\/irprout.it\/#website\",\"url\":\"https:\/\/irprout.it\/\",\"name\":\"Istituto di Ricerca Prout\",\"description\":\"Istituto di Ricerca Prout\",\"publisher\":{\"@id\":\"https:\/\/irprout.it\/#organization\"},\"potentialAction\":[{\"@type\":\"SearchAction\",\"target\":{\"@type\":\"EntryPoint\",\"urlTemplate\":\"https:\/\/irprout.it\/?s={search_term_string}\"},\"query-input\":{\"@type\":\"PropertyValueSpecification\",\"valueRequired\":true,\"valueName\":\"search_term_string\"}}],\"inLanguage\":\"it-IT\"},{\"@type\":\"Organization\",\"@id\":\"https:\/\/irprout.it\/#organization\",\"name\":\"Istituto di Ricerca Prout\",\"url\":\"https:\/\/irprout.it\/\",\"logo\":{\"@type\":\"ImageObject\",\"inLanguage\":\"it-IT\",\"@id\":\"https:\/\/irprout.it\/#\/schema\/logo\/image\/\",\"url\":\"http:\/\/irprout.it\/wp-content\/uploads\/2014\/10\/logo_IRP_albero300Cor.jpg\",\"contentUrl\":\"http:\/\/irprout.it\/wp-content\/uploads\/2014\/10\/logo_IRP_albero300Cor.jpg\",\"width\":303,\"height\":304,\"caption\":\"Istituto di Ricerca Prout\"},\"image\":{\"@id\":\"https:\/\/irprout.it\/#\/schema\/logo\/image\/\"}}]}<\/script>\n<!-- \/ Yoast SEO plugin. -->","yoast_head_json":{"title":"LA TEORIA SOCIO-ECONOMICA PROUT - Istituto di Ricerca Prout","robots":{"index":"index","follow":"follow","max-snippet":"max-snippet:-1","max-image-preview":"max-image-preview:large","max-video-preview":"max-video-preview:-1"},"canonical":"https:\/\/irprout.it\/?page_id=27","og_locale":"it_IT","og_type":"article","og_title":"LA TEORIA SOCIO-ECONOMICA PROUT - Istituto di Ricerca Prout","og_description":"\u00a0la teoria socio-economica prout\u00a0 PROUT \u00e8 l\u2019abbreviazione di PROgressive Utilization Theory, Teoria dell\u2019Utilizzazione Progressiva o Socialismo Umanistico.\u00a0 Una Teoria socio-economica esposta per la prima volta nel 1956 dal filosofo P.R.Sarkar. Per dare un&#8217;idea pratica dell&#8217;importanza del PROUT, per la nostra societ\u00e0, vediamo una sua caratteristica chiave: \u00a0Pianificazione decentralizzata\u00a0 La pianificazione &hellip; Continua a leggere","og_url":"https:\/\/irprout.it\/?page_id=27","og_site_name":"Istituto di Ricerca Prout","article_modified_time":"2018-02-13T15:21:15+00:00","twitter_misc":{"Tempo di lettura stimato":"4 minuti"},"schema":{"@context":"https:\/\/schema.org","@graph":[{"@type":"WebPage","@id":"https:\/\/irprout.it\/?page_id=27","url":"https:\/\/irprout.it\/?page_id=27","name":"LA TEORIA SOCIO-ECONOMICA PROUT - Istituto di Ricerca Prout","isPartOf":{"@id":"https:\/\/irprout.it\/#website"},"datePublished":"2014-09-23T08:21:01+00:00","dateModified":"2018-02-13T15:21:15+00:00","breadcrumb":{"@id":"https:\/\/irprout.it\/?page_id=27#breadcrumb"},"inLanguage":"it-IT","potentialAction":[{"@type":"ReadAction","target":["https:\/\/irprout.it\/?page_id=27"]}]},{"@type":"BreadcrumbList","@id":"https:\/\/irprout.it\/?page_id=27#breadcrumb","itemListElement":[{"@type":"ListItem","position":1,"name":"Home","item":"https:\/\/irprout.it\/"},{"@type":"ListItem","position":2,"name":"COS&#8217;E&#8217; PROUT","item":"https:\/\/irprout.it\/?page_id=10"},{"@type":"ListItem","position":3,"name":"LA TEORIA SOCIO-ECONOMICA PROUT"}]},{"@type":"WebSite","@id":"https:\/\/irprout.it\/#website","url":"https:\/\/irprout.it\/","name":"Istituto di Ricerca Prout","description":"Istituto di Ricerca Prout","publisher":{"@id":"https:\/\/irprout.it\/#organization"},"potentialAction":[{"@type":"SearchAction","target":{"@type":"EntryPoint","urlTemplate":"https:\/\/irprout.it\/?s={search_term_string}"},"query-input":{"@type":"PropertyValueSpecification","valueRequired":true,"valueName":"search_term_string"}}],"inLanguage":"it-IT"},{"@type":"Organization","@id":"https:\/\/irprout.it\/#organization","name":"Istituto di Ricerca Prout","url":"https:\/\/irprout.it\/","logo":{"@type":"ImageObject","inLanguage":"it-IT","@id":"https:\/\/irprout.it\/#\/schema\/logo\/image\/","url":"http:\/\/irprout.it\/wp-content\/uploads\/2014\/10\/logo_IRP_albero300Cor.jpg","contentUrl":"http:\/\/irprout.it\/wp-content\/uploads\/2014\/10\/logo_IRP_albero300Cor.jpg","width":303,"height":304,"caption":"Istituto di Ricerca Prout"},"image":{"@id":"https:\/\/irprout.it\/#\/schema\/logo\/image\/"}}]}},"_links":{"self":[{"href":"https:\/\/irprout.it\/index.php?rest_route=\/wp\/v2\/pages\/27","targetHints":{"allow":["GET"]}}],"collection":[{"href":"https:\/\/irprout.it\/index.php?rest_route=\/wp\/v2\/pages"}],"about":[{"href":"https:\/\/irprout.it\/index.php?rest_route=\/wp\/v2\/types\/page"}],"author":[{"embeddable":true,"href":"https:\/\/irprout.it\/index.php?rest_route=\/wp\/v2\/users\/5"}],"replies":[{"embeddable":true,"href":"https:\/\/irprout.it\/index.php?rest_route=%2Fwp%2Fv2%2Fcomments&post=27"}],"version-history":[{"count":15,"href":"https:\/\/irprout.it\/index.php?rest_route=\/wp\/v2\/pages\/27\/revisions"}],"predecessor-version":[{"id":3931,"href":"https:\/\/irprout.it\/index.php?rest_route=\/wp\/v2\/pages\/27\/revisions\/3931"}],"up":[{"embeddable":true,"href":"https:\/\/irprout.it\/index.php?rest_route=\/wp\/v2\/pages\/10"}],"wp:attachment":[{"href":"https:\/\/irprout.it\/index.php?rest_route=%2Fwp%2Fv2%2Fmedia&parent=27"}],"curies":[{"name":"wp","href":"https:\/\/api.w.org\/{rel}","templated":true}]}}