{"id":4365,"date":"2019-12-25T12:00:32","date_gmt":"2019-12-25T11:00:32","guid":{"rendered":"http:\/\/irprout.it\/?page_id=4365"},"modified":"2020-01-29T19:09:29","modified_gmt":"2020-01-29T18:09:29","slug":"rubrica-delle-buone-notizie","status":"publish","type":"page","link":"https:\/\/irprout.it\/?page_id=4365","title":{"rendered":"GOOD NEWS"},"content":{"rendered":"<div class=\"wpb-content-wrapper\"><p>[vc_row][vc_column][vc_column_text]<span style=\"font-family: tahoma, arial, helvetica, sans-serif; color: #000080; background-color: #808080;\"><strong><span style=\"font-size: 24pt; background-color: #808080;\"><span style=\"color: #ffffff;\">&nbsp;Rubrica delle Buone Notizie&nbsp;<\/span>&nbsp; &nbsp; &nbsp; &nbsp; &nbsp; &nbsp; &nbsp; &nbsp; &nbsp; &nbsp; &nbsp;&nbsp;<\/span><\/strong><\/span>[\/vc_column_text][\/vc_column][\/vc_row][vc_row css=&#8221;.vc_custom_1578677172649{margin-top: -15px !important;}&#8221;][vc_column width=&#8221;1\/2&#8243;][vc_single_image image=&#8221;4528&#8243; img_size=&#8221;full&#8221; add_caption=&#8221;yes&#8221;][\/vc_column][vc_column width=&#8221;1\/2&#8243; css=&#8221;.vc_custom_1577271699601{background-color: #e8dd99 !important;}&#8221;][vc_column_text]<strong><span style=\"font-size: 16pt; color: #000080;\">Worker&#8217;s buyout, cooperative agricole e industriali, Ambiente &#8230;<\/span><\/strong><\/p>\n<p><span style=\"font-size: 12pt; font-family: tahoma, arial, helvetica, sans-serif; color: #000080;\">Le buone notizie sono contagiose, sono come una boccata d&#8217;aria fresca, una luce in fondo al tunnel. Prima o poi diventeranno la storia.<\/span>[\/vc_column_text][\/vc_column][\/vc_row][vc_row][vc_column][vc_empty_space height=&#8221;16px&#8221;][\/vc_column][\/vc_row][vc_row][vc_column][vc_separator border_width=&#8221;3&#8243;][\/vc_column][\/vc_row][vc_row][vc_column width=&#8221;1\/2&#8243;][vc_single_image image=&#8221;4372&#8243; img_size=&#8221;full&#8221; style=&#8221;vc_box_border&#8221; onclick=&#8221;custom_link&#8221; link=&#8221;https:\/\/irprout.it\/?page_id=4379&#8243;][\/vc_column][vc_column width=&#8221;1\/2&#8243;][vc_column_text]<span style=\"font-size: 16pt;\"><strong><span style=\"font-family: tahoma, arial, helvetica, sans-serif;\"><a href=\" https:\/\/irprout.it\/?page_id=4379\">Padova, l\u2019azienda che rilega libri rinasce grazie agli operai che l\u2019hanno rilevata: \u201cUniti si pu\u00f2 fare, oggi saremmo tutti disoccupati\u201d<\/a><\/span><\/strong><\/span><\/p>\n<p>Dovevano chiudere l&#8217;azienda. La Commissaria chiede: &#8220;Ma chi rilegava i libri?&#8221;, &#8220;Noi&#8221;, risposero i\/le lavoratori\/trici. &#8220;Allora perch\u00e9 non continuate a produrre voi?&#8221;. E cos\u00ec inizi\u00f2 l&#8217;avventura.[\/vc_column_text][\/vc_column][\/vc_row][vc_row][vc_column][vc_separator border_width=&#8221;2&#8243;][\/vc_column][\/vc_row][vc_row][vc_column width=&#8221;1\/2&#8243;][vc_single_image image=&#8221;4394&#8243; img_size=&#8221;full&#8221; style=&#8221;vc_box_border&#8221; onclick=&#8221;custom_link&#8221; link=&#8221;https:\/\/irprout.it\/?page_id=4392&#8243;][\/vc_column][vc_column width=&#8221;1\/2&#8243;][vc_column_text]<a href=\"https:\/\/irprout.it\/?page_id=4392\"><span style=\"font-size: 16pt; font-family: tahoma, arial, helvetica, sans-serif;\"><strong>Il fotografo e sua moglie piantano 2 milioni di alberi in 20 anni per ripristinare una foresta distrutta e sono tornati persino gli animali <\/strong><\/span><\/a><\/p>\n<p><span style=\"font-size: 12pt; font-family: tahoma, arial, helvetica, sans-serif;\"><em>Un intero ecosistema ricostruito da zero<\/em><\/span>[\/vc_column_text][\/vc_column][\/vc_row][vc_row][vc_column][vc_separator][\/vc_column][\/vc_row][vc_row][vc_column width=&#8221;1\/2&#8243;][vc_single_image image=&#8221;4913&#8243; img_size=&#8221;full&#8221; style=&#8221;vc_box_border&#8221; onclick=&#8221;custom_link&#8221; img_link_target=&#8221;_blank&#8221; link=&#8221;https:\/\/www.positizie.it\/2019\/04\/04\/acerra-12-operai-acquistano-lazienda-in-fallimento-e-la-fanno-ripartire-a-gonfie-vele\/?fbclid=IwAR3o9KcETZVtoRpPyiapK-5jtqOUxNQR3YnZI_5sZn-jX2oCh98D3f1VmEQ&#8221;][\/vc_column][vc_column width=&#8221;1\/2&#8243;][vc_column_text]<span style=\"font-size: 12pt;\"><a href=\"https:\/\/www.positizie.it\/2019\/04\/04\/acerra-12-operai-acquistano-lazienda-in-fallimento-e-la-fanno-ripartire-a-gonfie-vele\/?fbclid=IwAR3o9KcETZVtoRpPyiapK-5jtqOUxNQR3YnZI_5sZn-jX2oCh98D3f1VmEQ\" target=\"_blank\" rel=\"noopener noreferrer\"><span style=\"color: #800000;\"><strong><span style=\"font-family: Verdana, Geneva, sans-serif;\">Un piccolo miracolo ad Acerra&nbsp;<\/span><\/strong><\/span><\/a><\/span><br \/>\n<span style=\"font-size: 14pt;\"><strong>Screen Sud<\/strong> e i suoi 12 proprietari ce l\u2019hanno fatta, e&nbsp;<strong>vanno a gonfie vele<\/strong>, la cooperativa produce 3000 metri quadri al mese di telai in acciaio, reti antintasanti-setaccio, oltre al mercato italiano, una buona parte della loro produzione viene esportata all\u2019estero. <strong>Lo scorso anno hanno fatturato 2 milioni di euro<\/strong>, ed \u00e8 solo l\u2019inizio.<\/span>[\/vc_column_text][\/vc_column][\/vc_row]<\/p>\n<\/div>","protected":false},"excerpt":{"rendered":"<p>[vc_row][vc_column][vc_column_text]&nbsp;Rubrica delle Buone Notizie&nbsp;&nbsp; &nbsp; &nbsp; &nbsp; &nbsp; &nbsp; &nbsp; &nbsp; &nbsp; &nbsp; &nbsp;&nbsp;[\/vc_column_text][\/vc_column][\/vc_row][vc_row css=&#8221;.vc_custom_1578677172649{margin-top: -15px !important;}&#8221;][vc_column width=&#8221;1\/2&#8243;][vc_single_image image=&#8221;4528&#8243; img_size=&#8221;full&#8221; add_caption=&#8221;yes&#8221;][\/vc_column][vc_column width=&#8221;1\/2&#8243; css=&#8221;.vc_custom_1577271699601{background-color: #e8dd99 !important;}&#8221;][vc_column_text]Worker&#8217;s buyout, cooperative agricole e industriali, Ambiente &#8230; Le buone notizie sono contagiose, sono come una boccata d&#8217;aria fresca, una luce in fondo al tunnel. Prima <span class=\"excerpt-dots\">&hellip;<\/span> <a class=\"more-link\" href=\"https:\/\/irprout.it\/?page_id=4365\"><span class=\"more-msg\">Continua a leggere<\/span><\/a><\/p>\n","protected":false},"author":3,"featured_media":0,"parent":0,"menu_order":0,"comment_status":"closed","ping_status":"closed","template":"","meta":{"ngg_post_thumbnail":0,"footnotes":""},"class_list":["post-4365","page","type-page","status-publish","hentry"],"yoast_head":"<!-- This site is optimized with the Yoast SEO plugin v26.6 - https:\/\/yoast.com\/wordpress\/plugins\/seo\/ -->\n<title>GOOD NEWS - Istituto di Ricerca Prout<\/title>\n<meta name=\"robots\" content=\"index, follow, max-snippet:-1, max-image-preview:large, max-video-preview:-1\" \/>\n<link rel=\"canonical\" href=\"https:\/\/irprout.it\/?page_id=4365\" \/>\n<meta property=\"og:locale\" content=\"it_IT\" \/>\n<meta property=\"og:type\" content=\"article\" \/>\n<meta property=\"og:title\" content=\"GOOD NEWS - Istituto di Ricerca Prout\" \/>\n<meta property=\"og:description\" content=\"[vc_row][vc_column][vc_column_text]&nbsp;Rubrica delle Buone Notizie&nbsp;&nbsp; &nbsp; &nbsp; &nbsp; &nbsp; &nbsp; &nbsp; &nbsp; &nbsp; &nbsp; &nbsp;&nbsp;[\/vc_column_text][\/vc_column][\/vc_row][vc_row css=&#8221;.vc_custom_1578677172649{margin-top: -15px !important;}&#8221;][vc_column width=&#8221;1\/2&#8243;][vc_single_image image=&#8221;4528&#8243; img_size=&#8221;full&#8221; add_caption=&#8221;yes&#8221;][\/vc_column][vc_column width=&#8221;1\/2&#8243; css=&#8221;.vc_custom_1577271699601{background-color: #e8dd99 !important;}&#8221;][vc_column_text]Worker&#8217;s buyout, cooperative agricole e industriali, Ambiente &#8230; Le buone notizie sono contagiose, sono come una boccata d&#8217;aria fresca, una luce in fondo al tunnel. Prima &hellip; Continua a leggere\" \/>\n<meta property=\"og:url\" content=\"https:\/\/irprout.it\/?page_id=4365\" \/>\n<meta property=\"og:site_name\" content=\"Istituto di Ricerca Prout\" \/>\n<meta property=\"article:modified_time\" content=\"2020-01-29T18:09:29+00:00\" \/>\n<meta name=\"twitter:label1\" content=\"Tempo di lettura stimato\" \/>\n\t<meta name=\"twitter:data1\" content=\"2 minuti\" \/>\n<script type=\"application\/ld+json\" class=\"yoast-schema-graph\">{\"@context\":\"https:\/\/schema.org\",\"@graph\":[{\"@type\":\"WebPage\",\"@id\":\"https:\/\/irprout.it\/?page_id=4365\",\"url\":\"https:\/\/irprout.it\/?page_id=4365\",\"name\":\"GOOD NEWS - Istituto di Ricerca Prout\",\"isPartOf\":{\"@id\":\"https:\/\/irprout.it\/#website\"},\"datePublished\":\"2019-12-25T11:00:32+00:00\",\"dateModified\":\"2020-01-29T18:09:29+00:00\",\"breadcrumb\":{\"@id\":\"https:\/\/irprout.it\/?page_id=4365#breadcrumb\"},\"inLanguage\":\"it-IT\",\"potentialAction\":[{\"@type\":\"ReadAction\",\"target\":[\"https:\/\/irprout.it\/?page_id=4365\"]}]},{\"@type\":\"BreadcrumbList\",\"@id\":\"https:\/\/irprout.it\/?page_id=4365#breadcrumb\",\"itemListElement\":[{\"@type\":\"ListItem\",\"position\":1,\"name\":\"Home\",\"item\":\"https:\/\/irprout.it\/\"},{\"@type\":\"ListItem\",\"position\":2,\"name\":\"GOOD NEWS\"}]},{\"@type\":\"WebSite\",\"@id\":\"https:\/\/irprout.it\/#website\",\"url\":\"https:\/\/irprout.it\/\",\"name\":\"Istituto di Ricerca Prout\",\"description\":\"Istituto di Ricerca Prout\",\"publisher\":{\"@id\":\"https:\/\/irprout.it\/#organization\"},\"potentialAction\":[{\"@type\":\"SearchAction\",\"target\":{\"@type\":\"EntryPoint\",\"urlTemplate\":\"https:\/\/irprout.it\/?s={search_term_string}\"},\"query-input\":{\"@type\":\"PropertyValueSpecification\",\"valueRequired\":true,\"valueName\":\"search_term_string\"}}],\"inLanguage\":\"it-IT\"},{\"@type\":\"Organization\",\"@id\":\"https:\/\/irprout.it\/#organization\",\"name\":\"Istituto di Ricerca Prout\",\"url\":\"https:\/\/irprout.it\/\",\"logo\":{\"@type\":\"ImageObject\",\"inLanguage\":\"it-IT\",\"@id\":\"https:\/\/irprout.it\/#\/schema\/logo\/image\/\",\"url\":\"http:\/\/irprout.it\/wp-content\/uploads\/2014\/10\/logo_IRP_albero300Cor.jpg\",\"contentUrl\":\"http:\/\/irprout.it\/wp-content\/uploads\/2014\/10\/logo_IRP_albero300Cor.jpg\",\"width\":303,\"height\":304,\"caption\":\"Istituto di Ricerca Prout\"},\"image\":{\"@id\":\"https:\/\/irprout.it\/#\/schema\/logo\/image\/\"}}]}<\/script>\n<!-- \/ Yoast SEO plugin. -->","yoast_head_json":{"title":"GOOD NEWS - Istituto di Ricerca Prout","robots":{"index":"index","follow":"follow","max-snippet":"max-snippet:-1","max-image-preview":"max-image-preview:large","max-video-preview":"max-video-preview:-1"},"canonical":"https:\/\/irprout.it\/?page_id=4365","og_locale":"it_IT","og_type":"article","og_title":"GOOD NEWS - Istituto di Ricerca Prout","og_description":"[vc_row][vc_column][vc_column_text]&nbsp;Rubrica delle Buone Notizie&nbsp;&nbsp; &nbsp; &nbsp; &nbsp; &nbsp; &nbsp; &nbsp; &nbsp; &nbsp; &nbsp; &nbsp;&nbsp;[\/vc_column_text][\/vc_column][\/vc_row][vc_row css=&#8221;.vc_custom_1578677172649{margin-top: -15px !important;}&#8221;][vc_column width=&#8221;1\/2&#8243;][vc_single_image image=&#8221;4528&#8243; img_size=&#8221;full&#8221; add_caption=&#8221;yes&#8221;][\/vc_column][vc_column width=&#8221;1\/2&#8243; css=&#8221;.vc_custom_1577271699601{background-color: #e8dd99 !important;}&#8221;][vc_column_text]Worker&#8217;s buyout, cooperative agricole e industriali, Ambiente &#8230; Le buone notizie sono contagiose, sono come una boccata d&#8217;aria fresca, una luce in fondo al tunnel. Prima &hellip; Continua a leggere","og_url":"https:\/\/irprout.it\/?page_id=4365","og_site_name":"Istituto di Ricerca Prout","article_modified_time":"2020-01-29T18:09:29+00:00","twitter_misc":{"Tempo di lettura stimato":"2 minuti"},"schema":{"@context":"https:\/\/schema.org","@graph":[{"@type":"WebPage","@id":"https:\/\/irprout.it\/?page_id=4365","url":"https:\/\/irprout.it\/?page_id=4365","name":"GOOD NEWS - Istituto di Ricerca Prout","isPartOf":{"@id":"https:\/\/irprout.it\/#website"},"datePublished":"2019-12-25T11:00:32+00:00","dateModified":"2020-01-29T18:09:29+00:00","breadcrumb":{"@id":"https:\/\/irprout.it\/?page_id=4365#breadcrumb"},"inLanguage":"it-IT","potentialAction":[{"@type":"ReadAction","target":["https:\/\/irprout.it\/?page_id=4365"]}]},{"@type":"BreadcrumbList","@id":"https:\/\/irprout.it\/?page_id=4365#breadcrumb","itemListElement":[{"@type":"ListItem","position":1,"name":"Home","item":"https:\/\/irprout.it\/"},{"@type":"ListItem","position":2,"name":"GOOD NEWS"}]},{"@type":"WebSite","@id":"https:\/\/irprout.it\/#website","url":"https:\/\/irprout.it\/","name":"Istituto di Ricerca Prout","description":"Istituto di Ricerca Prout","publisher":{"@id":"https:\/\/irprout.it\/#organization"},"potentialAction":[{"@type":"SearchAction","target":{"@type":"EntryPoint","urlTemplate":"https:\/\/irprout.it\/?s={search_term_string}"},"query-input":{"@type":"PropertyValueSpecification","valueRequired":true,"valueName":"search_term_string"}}],"inLanguage":"it-IT"},{"@type":"Organization","@id":"https:\/\/irprout.it\/#organization","name":"Istituto di Ricerca Prout","url":"https:\/\/irprout.it\/","logo":{"@type":"ImageObject","inLanguage":"it-IT","@id":"https:\/\/irprout.it\/#\/schema\/logo\/image\/","url":"http:\/\/irprout.it\/wp-content\/uploads\/2014\/10\/logo_IRP_albero300Cor.jpg","contentUrl":"http:\/\/irprout.it\/wp-content\/uploads\/2014\/10\/logo_IRP_albero300Cor.jpg","width":303,"height":304,"caption":"Istituto di Ricerca Prout"},"image":{"@id":"https:\/\/irprout.it\/#\/schema\/logo\/image\/"}}]}},"_links":{"self":[{"href":"https:\/\/irprout.it\/index.php?rest_route=\/wp\/v2\/pages\/4365","targetHints":{"allow":["GET"]}}],"collection":[{"href":"https:\/\/irprout.it\/index.php?rest_route=\/wp\/v2\/pages"}],"about":[{"href":"https:\/\/irprout.it\/index.php?rest_route=\/wp\/v2\/types\/page"}],"author":[{"embeddable":true,"href":"https:\/\/irprout.it\/index.php?rest_route=\/wp\/v2\/users\/3"}],"replies":[{"embeddable":true,"href":"https:\/\/irprout.it\/index.php?rest_route=%2Fwp%2Fv2%2Fcomments&post=4365"}],"version-history":[{"count":23,"href":"https:\/\/irprout.it\/index.php?rest_route=\/wp\/v2\/pages\/4365\/revisions"}],"predecessor-version":[{"id":4914,"href":"https:\/\/irprout.it\/index.php?rest_route=\/wp\/v2\/pages\/4365\/revisions\/4914"}],"wp:attachment":[{"href":"https:\/\/irprout.it\/index.php?rest_route=%2Fwp%2Fv2%2Fmedia&parent=4365"}],"curies":[{"name":"wp","href":"https:\/\/api.w.org\/{rel}","templated":true}]}}