{"id":4576,"date":"2020-01-13T15:33:30","date_gmt":"2020-01-13T14:33:30","guid":{"rendered":"http:\/\/irprout.it\/?page_id=4576"},"modified":"2025-01-14T20:37:00","modified_gmt":"2025-01-14T19:37:00","slug":"cosa-dice-ravi-batra","status":"publish","type":"page","link":"https:\/\/irprout.it\/?page_id=4576","title":{"rendered":"Cosa dice Ravi Batra"},"content":{"rendered":"<div class=\"wpb-content-wrapper\"><p>[vc_row][vc_column width=&#8221;2\/3&#8243; css=&#8221;.vc_custom_1578926310778{padding-top: -20px !important;padding-right: -20px !important;padding-bottom: -20px !important;padding-left: -20px !important;}&#8221;][vc_column_text]<span style=\"color: #ffffff; font-size: 22pt; background-color: #003366;\"><strong><span style=\"font-family: tahoma, arial, helvetica, sans-serif;\">&nbsp; Cosa dice Ravi Batra&nbsp; &nbsp; &nbsp; &nbsp; &nbsp; &nbsp; &nbsp; &nbsp;<\/span><\/strong><\/span>[\/vc_column_text][vc_column_text css=&#8221;.vc_custom_1578926723475{margin-top: -25px !important;}&#8221;]<em><span style=\"font-size: 12pt;\">Economista della <strong>Southern Methodist University<\/strong> di Dallas, Texas, USA.<\/span><\/em>[\/vc_column_text][vc_column_text css=&#8221;.vc_custom_1735907504735{margin-top: -25px !important;padding-top: 10px !important;padding-right: 15px !important;padding-bottom: 10px !important;padding-left: 15px !important;background-color: #FBF0C5 !important;}&#8221;]<span style=\"font-family: tahoma, arial, helvetica, sans-serif;\">Il Dr. Ravi Batra, professore di economia alla Southern Methodist University di Dallas, \u00e8 l&#8217;autore di cinque best seller internazionali. \u00c8 stato presidente del suo dipartimento dal 1977 al 1980. Nell&#8217;ottobre 1978, a causa di dozzine di pubblicazioni su importanti riviste come American Economic Review, Journal of Political Economy, Econometrica, Journal of Economic Theory, Review of Economic Studies, tra gli altri , Batra si classific\u00f2 al terzo posto in un gruppo di &#8220;economisti superstar&#8221;, selezionato da tutte le universit\u00e0 americane e canadesi da un articolo del diario economico, Economic Inquiry. Nel 1990, il primo ministro italiano gli ha conferito una medaglia del Senato italiano per aver scritto un libro che prevedeva correttamente la caduta del comunismo sovietico, quindici anni prima che accadesse.<\/span>[\/vc_column_text][\/vc_column][vc_column width=&#8221;1\/3&#8243;][vc_single_image image=&#8221;4580&#8243; img_size=&#8221;full&#8221; style=&#8221;vc_box_border&#8221; border_color=&#8221;mulled_wine&#8221;][vc_column_text css=&#8221;.vc_custom_1578939954968{margin-top: -30px !important;}&#8221;]<\/p>\n<p style=\"text-align: center;\"><a href=\"http:\/\/www.ravibatra.com\"><span style=\"font-size: 10pt; font-family: tahoma, arial, helvetica, sans-serif;\">Sito Web Prof. Ravi Batra<\/span><\/a><\/p>\n<p>[\/vc_column_text][\/vc_column][\/vc_row][vc_row][vc_column][vc_column_text css=&#8221;.vc_custom_1735907533166{margin-top: -15px !important;}&#8221;]<strong><span style=\"font-size: 12pt;\">Il Dr. Batra \u00e8 stato recensito su importanti quotidiani e riviste come New York Times, Washington Post, USA Today, Time, Newsweek, US News e World Report, ed \u00e8 apparso su tutte le principali reti tra cui CBS, NBC, CNN, ABC , CNBC, tra le altre. Nel 2009, Batra ha ricevuto il Premio Pratina e Navin Doshi per il suo contributo all&#8217;analisi economica.<\/span><\/strong>[\/vc_column_text][\/vc_column][\/vc_row][vc_row][vc_column][vc_separator border_width=&#8221;3&#8243;][\/vc_column][\/vc_row][vc_row][vc_column][vc_column_text css=&#8221;&#8221;]<span style=\"font-family: Asap, sans-serif; font-size: 14pt;\"><strong>Alcuni commenti sull&#8217;opera di Ravi Batra:<\/strong><\/span><\/p>\n<ul>\n<li><span style=\"font-size: 12pt; font-family: Asap, sans-serif;\">&#8220;Ravi Batra si \u00e8 guadagnato un&#8217;ottima reputazione negli Stati Uniti come teorico economico internazionale nella migliore tradizione occidentale&#8221;. <strong>Leonard Silk, New York Times<\/strong><\/span><\/li>\n<li><span style=\"font-size: 12pt; font-family: Asap, sans-serif;\">&#8220;Il record di previsione di questo rispettato economista della Southern Methodist University ha ottenuto elogi brillanti da molti pragmatici maestri di investimenti&#8221;. <strong>Tom Peters, Chicago Tribune<\/strong><\/span><\/li>\n<li><span style=\"font-size: 12pt; font-family: Asap, sans-serif;\">&#8220;Il dottor Batra scrive le sue argomentazioni in modo chiaro come se stesse raccontando le storie della buona notte.&#8221; <strong>Christopher Lehmann Haupt, New York Times<\/strong><\/span><\/li>\n<li><span style=\"font-size: 12pt; font-family: Asap, sans-serif;\">&#8220;Il buon professore ha una formidabile reputazione accademica e, da quello che so, il suo numero di previsioni \u00e8 impressionante.&#8221; <strong>Barton Biggs, Morgan Stanley<\/strong><\/span><\/li>\n<li><span style=\"font-size: 12pt; font-family: Asap, sans-serif;\">&#8220;Batra [\u00e8] uno studioso che si \u00e8 guadagnato una notevole reputazione come esperto di commercio&#8221;.<strong> Albert Crenshaw, Washington Post<\/strong><\/span><\/li>\n<li><span style=\"font-size: 12pt; font-family: Asap, sans-serif;\">&#8220;Le sue previsioni nei primi anni &#8217;80 di bassa inflazione, calo dei prezzi del petrolio e un&#8217;ondata di fusioni &#8211; derise per anni &#8211; si sono rivelate per gran parte vere&#8221;. <strong>Thomas C. Hayes, New York Times<\/strong><\/span><\/li>\n<li><span style=\"font-size: 12pt; font-family: Asap, sans-serif;\">&#8220;Ravi Batra era abituato a fare previsioni globali tumultuose e non avere nessuno ad ascoltarlo, poi le previsioni hanno iniziato a diventare realt\u00e0.&#8221; <strong>Chip Brown,&nbsp; Associate Press<\/strong><\/span><\/li>\n<\/ul>\n<p>[\/vc_column_text][\/vc_column][\/vc_row][vc_row][vc_column][vc_empty_space][\/vc_column][\/vc_row][vc_row][vc_column][vc_separator border_width=&#8221;3&#8243;][\/vc_column][\/vc_row][vc_row][vc_column][vc_custom_heading text=&#8221;PROSPETTIVE ECONOMICHE PER GLI ANNI &#8217;90&#8221; font_container=&#8221;tag:h2|text_align:left|color:%2310497C&#8221; google_fonts=&#8221;font_family:Anton%3Aregular|font_style:400%20regular%3A400%3Anormal&#8221; css=&#8221;&#8221;][\/vc_column][\/vc_row][vc_row][vc_column width=&#8221;2\/3&#8243;][vc_column_text css=&#8221;&#8221;]<span style=\"font-size: 14pt; font-family: 'Roboto Condensed', sans-serif;\"><a href=\"https:\/\/irprout.it\/?p=7340\">Conferenza-Dibattito organizzata dal <strong>Prof. Giovanni Gaburro<\/strong><\/a><br \/>\n<span style=\"color: #333399;\"><em>Direttore del Dipartimento di Scienze Economiche dell&#8217;Universit\u00e0 di Verona<\/em><\/span><\/span>[\/vc_column_text][vc_column_text css=&#8221;&#8221;]Il prof. Batra \u00e8 venuto in Italia in questi giorni a ricevere, in un incontro internazionale annuale organizzato dal Centro Pio Manz\u00f9 di Rimini al quale hanno partecipato personalit\u00e0 della cultura e della scienza di tutto il mondo occidentale e orientale, le medaglie del Governo Italiano e del Centro Pio Manz\u00f9, assegnate ad alcune personalit\u00e0 italiane e straniere. Il premio \u00e8 stato assegnato dal presidente del Consiglio dei Ministri, Giulio Andreotti, e dal ministro degli Affari Esteri Gianni De Michelis.<\/p>\n<p>A nome dei colleghi dell&#8217;<em>Istituto di Scienze Economiche dell&#8217;Universit\u00e0<\/em>, della <em>Cassa di Risparmio<\/em> e della <em>Camera di Commercio<\/em> di Verona, Lo ringrazio profondamente per aver accettato il nostro invito e ringrazio anche il <em>dottor Federico Perali<\/em> della nostra Universit\u00e0 e dell&#8217;<em>Universit\u00e0 del Wisconsin<\/em> che ha offerto la Sua disponibilit\u00e0 per la traduzione.[\/vc_column_text][\/vc_column][vc_column width=&#8221;1\/3&#8243;][vc_single_image image=&#8221;7336&#8243; img_size=&#8221;full&#8221; style=&#8221;vc_box_border&#8221; border_color=&#8221;mulled_wine&#8221; onclick=&#8221;custom_link&#8221; css=&#8221;&#8221; link=&#8221;https:\/\/irprout.it\/?p=7340&#8243;][\/vc_column][\/vc_row][vc_row][vc_column][vc_separator border_width=&#8221;3&#8243;][\/vc_column][\/vc_row][vc_row][vc_column][vc_column_text]<strong><span style=\"font-size: 18pt; font-family: tahoma, arial, helvetica, sans-serif;\">Tre Bestsellers<\/span><\/strong>[\/vc_column_text][\/vc_column][\/vc_row][vc_row][vc_column width=&#8221;2\/3&#8243;][vc_column_text]<span style=\"font-size: 18pt; font-family: georgia, palatino, serif; color: #800000;\">Fine della disoccupazione ora!<\/span><\/p>\n<p><span style=\"font-size: 12pt; font-family: tahoma, arial, helvetica, sans-serif; color: #000000;\">Un modello basato sulla realt\u00e0 per porre rapidamente fine alla disoccupazione e rilanciare la classe media aggirando un Congresso non cooperativo<\/span><\/p>\n<p><span style=\"font-size: 10pt; font-family: tahoma, arial, helvetica, sans-serif;\">In questo importante libro, Batra offre soluzioni praticabili a molti dei problemi economici che affliggono l&#8217;America. . . Anche i lettori che non conoscono questo livello di dettaglio dovrebbero riconoscere la saggezza delle idee di Batra.&nbsp;<br \/>\n<\/span><span style=\"font-size: 10pt; color: #ff0000; font-family: tahoma, arial, helvetica, sans-serif;\"><em>Publisher&#8217;s Weekly<\/em><\/span><\/p>\n<p><span style=\"font-size: 10pt; font-family: tahoma, arial, helvetica, sans-serif;\">Ancora una volta, il Dr. Ravi Batra, uno degli economisti pi\u00f9 brillanti d&#8217;America, li mette fuori combattimento. Tutti, in particolare i responsabili politici, devono leggere questo libro! Geniale, facile da capire e pieno di solide soluzioni per rilanciare la classe media americana.<br \/>\n<\/span><span style=\"font-size: 10pt; color: #ff0000; font-family: tahoma, arial, helvetica, sans-serif;\"><em>Thom Hartmann, Host,&nbsp;Thom Hartmann Radio Program And The Big Picture<\/em><\/span>[\/vc_column_text][\/vc_column][vc_column width=&#8221;1\/3&#8243;][vc_single_image image=&#8221;4603&#8243; img_size=&#8221;full&#8221; style=&#8221;vc_box_border&#8221; border_color=&#8221;mulled_wine&#8221;][\/vc_column][\/vc_row][vc_row][vc_column][vc_separator][\/vc_column][\/vc_row][vc_row][vc_column width=&#8221;2\/3&#8243;][vc_column_text]<span style=\"font-size: 16pt; font-family: georgia, palatino, serif; color: #800000;\">LA NUOVA ETA &#8216;D&#8217;ORO<\/span><\/p>\n<p><span style=\"font-size: 10pt; font-family: tahoma, arial, helvetica, sans-serif;\">Portando la sua intuizione e competenza distintive, il controverso economista Ravi Batra affronta una serie di problemi che affliggono l&#8217;economia mondiale, tra cui il petrolio e le bolle immobiliari, la caduta di salari minimi, scandali societari, gravi cadute etiche, l&#8217;ascesa di economisti di celebrit\u00e0 alla Federal Reserve e altrove, e crisi politiche di ogni genere. <\/span><\/p>\n<p><span style=\"font-size: 10pt; font-family: tahoma, arial, helvetica, sans-serif;\">\u00c8 irremovibile nella sua critica alle \u00e9lite economiche globali e alla sofferenza e alla privazione che hanno causato nella vita di uomini e donne ordinari. Allo stesso tempo, offre anche una visione espansiva e ottimistica di come la comunit\u00e0 internazionale pu\u00f2 superare le molte sfide che ha di fronte e portare a qualcosa di storicamente senza precedenti: la vera prosperit\u00e0 economica globale.<\/span>[\/vc_column_text][\/vc_column][vc_column width=&#8221;1\/3&#8243;][vc_single_image image=&#8221;4602&#8243; img_size=&#8221;full&#8221; style=&#8221;vc_box_border&#8221; border_color=&#8221;mulled_wine&#8221;][\/vc_column][\/vc_row][vc_row][vc_column][vc_separator][\/vc_column][\/vc_row][vc_row][vc_column width=&#8221;2\/3&#8243;][vc_column_text]<span style=\"font-size: 16pt; font-family: georgia, palatino, serif; color: #800000;\">LA FRODE DI GREENSPAN<\/span><\/p>\n<p><span style=\"font-family: tahoma, arial, helvetica, sans-serif; font-size: 10pt;\">Per due decenni il presidente della Federal Reserve Alan Greenspan ha tenuto il regno della politica economica, resistendo a tre mandati presidenziali. Il suo lungo mandato ha avuto un profondo effetto sull&#8217;economia globale e sugli individui. In questo libro di grande impatto, l&#8217;autore di bestseller internazionali Ravi Batra prende di mira le politiche di Greenspan, da quando \u00e8 salito al potere. <\/span><\/p>\n<p><span style=\"font-family: tahoma, arial, helvetica, sans-serif; font-size: 10pt;\">Greenomics, sostiene Batra, ha estratto migliaia di miliardi di dollari dalla classe media americana e ha fortemente beneficiato i ricchi, proteggendo nel contempo le grandi imprese. Batra dimostra che Greenomics \u00e8 stata anche responsabile di periodi di esuberanza irrazionale ed espone le incoerenze selvagge dei suoi piani di sicurezza sociale. <\/span><span style=\"font-family: tahoma, arial, helvetica, sans-serif; font-size: 10pt;\">La Frode di Greenspan esplora le influenze e le motivazioni di Greenspan e le discrepanze tra le sue parole e le sue azioni, rivelando al contempo come le sue politiche abbiano avuto un serio impatto nazionale e globale.<\/span>[\/vc_column_text][\/vc_column][vc_column width=&#8221;1\/3&#8243;][vc_single_image image=&#8221;4601&#8243; img_size=&#8221;full&#8221; style=&#8221;vc_box_border&#8221; border_color=&#8221;mulled_wine&#8221;][\/vc_column][\/vc_row][vc_row][vc_column][vc_zigzag][\/vc_column][\/vc_row][vc_row][vc_column][vc_column_text]<span style=\"font-size: 16pt;\">Altri libri di Ravi Batra<\/span>[\/vc_column_text][\/vc_column][\/vc_row][vc_row][vc_column][vc_separator][\/vc_column][\/vc_row][vc_row][vc_column width=&#8221;2\/3&#8243;][vc_column_text]<span style=\"font-family: georgia, palatino, serif; font-size: 16pt; color: #800000;\">La Grande Depressione del 1990<\/span><\/p>\n<p><span style=\"font-family: tahoma, arial, helvetica, sans-serif; font-size: 10pt;\">La Grande Depressione del 1990 \u00e8 un libro di Ravi Batra nel campo della storia economica e dell&#8217;evoluzione futura, originariamente pubblicato nel 1985. Il titolo originale del libro era Cicli regolari di denaro, inflazione, regolamentazione e depressione. Il professor Lester Thurow del MIT Economics ha scritto un&#8217;introduzione favorevole per il libro con il suo titolo originale. Ribattezzato, il libro \u00e8 entrato nella lista dei Best Seller del New York Times all&#8217;inizio del 1987 e ha raggiunto il numero 1 pi\u00f9 tardi nello stesso anno. [1] [2] [3] Il libro e il suo sequel, Sopravvivere alla grande depressione del 1990, fecero di Batra &#8220;uno degli economisti pi\u00f9 venduti di tutti i tempi&#8221;.<\/span><\/p>\n<p><span style=\"font-family: tahoma, arial, helvetica, sans-serif; font-size: 10pt;\">Il libro \u00e8 stato spesso criticato dagli economisti dopo essere diventato un best-seller, poich\u00e9 si concentrava su un lato oscuro dello sviluppo capitalistico, in particolare l&#8217;affermazione principale di Batra secondo cui l&#8217;eccessiva disuguaglianza nelle societ\u00e0 capitaliste pu\u00f2 portare a crisi finanziarie e depressioni economiche. \u00c8 importante sottolineare che la previsione nel titolo non si \u00e8 materializzata.<\/span>[\/vc_column_text][\/vc_column][vc_column width=&#8221;1\/3&#8243;][vc_single_image image=&#8221;4662&#8243; img_size=&#8221;medium&#8221; style=&#8221;vc_box_border&#8221; border_color=&#8221;mulled_wine&#8221;][\/vc_column][\/vc_row][vc_row][vc_column][vc_separator][\/vc_column][\/vc_row][vc_row][vc_column width=&#8221;2\/3&#8243;][vc_column_text]<span style=\"font-family: tahoma, arial, helvetica, sans-serif;\">IL FUTURO DELLA SOCIET\u00c0 OCCIDENTALE:<\/span><br \/>\n<span style=\"font-size: 12pt; font-family: tahoma, arial, helvetica, sans-serif; color: #800000;\">LA NUOVA ETA DEL GUERRIERO<\/span><\/p>\n<p><span style=\"font-family: tahoma, arial, helvetica, sans-serif; font-size: 10pt;\">La fine del capitalismo non significa la fine del mondo e cultura occidentali, ma solo la fine di un anello nella lunga catena di Civilt\u00e0 occidentali. Dopo la rivoluzione, giunger\u00e0 una nuova era definita &#8216;militare&#8217; o &#8216;guerriera&#8217; con la leadership che passa nelle mani dei guerrieri ribelli. Emergeranno nuovi leader dall&#8217;esercito o da abili operai? E&#8217; una domanda alla quale non possiamo rispondere ora. L&#8217;esperienza umana indica che siano gli ufficiali militari, ma abbastanza spesso i comportamenti&nbsp; della classe dominante differiscono nettamente da quello dei predecessori, sebbene la mentalit\u00e0 di base del sovrano in una particolare era di diversi cicli sociali rimanga la stessa. Il feudalesimo e il capitalismo, ad esempio, rivelano monumentali differenze nell&#8217;aspetto, ma in entrambi i casi l&#8217;aristocrazia dominante mostra una predisposizione agli affari.<\/span>[\/vc_column_text][\/vc_column][vc_column width=&#8221;1\/3&#8243;][vc_single_image image=&#8221;4664&#8243; img_size=&#8221;medium&#8221; style=&#8221;vc_box_border&#8221; border_color=&#8221;mulled_wine&#8221;][\/vc_column][\/vc_row]<\/p>\n<\/div>","protected":false},"excerpt":{"rendered":"<p>[vc_row][vc_column width=&#8221;2\/3&#8243; css=&#8221;.vc_custom_1578926310778{padding-top: -20px !important;padding-right: -20px !important;padding-bottom: -20px !important;padding-left: -20px !important;}&#8221;][vc_column_text]&nbsp; Cosa dice Ravi Batra&nbsp; &nbsp; &nbsp; &nbsp; &nbsp; &nbsp; &nbsp; &nbsp;[\/vc_column_text][vc_column_text css=&#8221;.vc_custom_1578926723475{margin-top: -25px !important;}&#8221;]Economista della Southern Methodist University di Dallas, Texas, USA.[\/vc_column_text][vc_column_text css=&#8221;.vc_custom_1735907504735{margin-top: -25px !important;padding-top: 10px !important;padding-right: 15px !important;padding-bottom: 10px !important;padding-left: 15px !important;background-color: #FBF0C5 !important;}&#8221;]Il Dr. Ravi Batra, professore <span class=\"excerpt-dots\">&hellip;<\/span> <a class=\"more-link\" href=\"https:\/\/irprout.it\/?page_id=4576\"><span class=\"more-msg\">Continua a leggere<\/span><\/a><\/p>\n","protected":false},"author":3,"featured_media":0,"parent":0,"menu_order":0,"comment_status":"closed","ping_status":"closed","template":"","meta":{"ngg_post_thumbnail":0,"footnotes":""},"class_list":["post-4576","page","type-page","status-publish","hentry"],"yoast_head":"<!-- This site is optimized with the Yoast SEO plugin v26.6 - https:\/\/yoast.com\/wordpress\/plugins\/seo\/ -->\n<title>Cosa dice Ravi Batra - Istituto di Ricerca Prout<\/title>\n<meta name=\"robots\" content=\"index, follow, max-snippet:-1, max-image-preview:large, max-video-preview:-1\" \/>\n<link rel=\"canonical\" href=\"https:\/\/irprout.it\/?page_id=4576\" \/>\n<meta property=\"og:locale\" content=\"it_IT\" \/>\n<meta property=\"og:type\" content=\"article\" \/>\n<meta property=\"og:title\" content=\"Cosa dice Ravi Batra - Istituto di Ricerca Prout\" \/>\n<meta property=\"og:description\" content=\"[vc_row][vc_column width=&#8221;2\/3&#8243; css=&#8221;.vc_custom_1578926310778{padding-top: -20px !important;padding-right: -20px !important;padding-bottom: -20px !important;padding-left: -20px !important;}&#8221;][vc_column_text]&nbsp; Cosa dice Ravi Batra&nbsp; &nbsp; &nbsp; &nbsp; &nbsp; &nbsp; &nbsp; &nbsp;[\/vc_column_text][vc_column_text css=&#8221;.vc_custom_1578926723475{margin-top: -25px !important;}&#8221;]Economista della Southern Methodist University di Dallas, Texas, USA.[\/vc_column_text][vc_column_text css=&#8221;.vc_custom_1735907504735{margin-top: -25px !important;padding-top: 10px !important;padding-right: 15px !important;padding-bottom: 10px !important;padding-left: 15px !important;background-color: #FBF0C5 !important;}&#8221;]Il Dr. Ravi Batra, professore &hellip; Continua a leggere\" \/>\n<meta property=\"og:url\" content=\"https:\/\/irprout.it\/?page_id=4576\" \/>\n<meta property=\"og:site_name\" content=\"Istituto di Ricerca Prout\" \/>\n<meta property=\"article:modified_time\" content=\"2025-01-14T19:37:00+00:00\" \/>\n<meta name=\"twitter:label1\" content=\"Tempo di lettura stimato\" \/>\n\t<meta name=\"twitter:data1\" content=\"9 minuti\" \/>\n<script type=\"application\/ld+json\" class=\"yoast-schema-graph\">{\"@context\":\"https:\/\/schema.org\",\"@graph\":[{\"@type\":\"WebPage\",\"@id\":\"https:\/\/irprout.it\/?page_id=4576\",\"url\":\"https:\/\/irprout.it\/?page_id=4576\",\"name\":\"Cosa dice Ravi Batra - Istituto di Ricerca Prout\",\"isPartOf\":{\"@id\":\"https:\/\/irprout.it\/#website\"},\"datePublished\":\"2020-01-13T14:33:30+00:00\",\"dateModified\":\"2025-01-14T19:37:00+00:00\",\"breadcrumb\":{\"@id\":\"https:\/\/irprout.it\/?page_id=4576#breadcrumb\"},\"inLanguage\":\"it-IT\",\"potentialAction\":[{\"@type\":\"ReadAction\",\"target\":[\"https:\/\/irprout.it\/?page_id=4576\"]}]},{\"@type\":\"BreadcrumbList\",\"@id\":\"https:\/\/irprout.it\/?page_id=4576#breadcrumb\",\"itemListElement\":[{\"@type\":\"ListItem\",\"position\":1,\"name\":\"Home\",\"item\":\"https:\/\/irprout.it\/\"},{\"@type\":\"ListItem\",\"position\":2,\"name\":\"Cosa dice Ravi Batra\"}]},{\"@type\":\"WebSite\",\"@id\":\"https:\/\/irprout.it\/#website\",\"url\":\"https:\/\/irprout.it\/\",\"name\":\"Istituto di Ricerca Prout\",\"description\":\"Istituto di Ricerca Prout\",\"publisher\":{\"@id\":\"https:\/\/irprout.it\/#organization\"},\"potentialAction\":[{\"@type\":\"SearchAction\",\"target\":{\"@type\":\"EntryPoint\",\"urlTemplate\":\"https:\/\/irprout.it\/?s={search_term_string}\"},\"query-input\":{\"@type\":\"PropertyValueSpecification\",\"valueRequired\":true,\"valueName\":\"search_term_string\"}}],\"inLanguage\":\"it-IT\"},{\"@type\":\"Organization\",\"@id\":\"https:\/\/irprout.it\/#organization\",\"name\":\"Istituto di Ricerca Prout\",\"url\":\"https:\/\/irprout.it\/\",\"logo\":{\"@type\":\"ImageObject\",\"inLanguage\":\"it-IT\",\"@id\":\"https:\/\/irprout.it\/#\/schema\/logo\/image\/\",\"url\":\"http:\/\/irprout.it\/wp-content\/uploads\/2014\/10\/logo_IRP_albero300Cor.jpg\",\"contentUrl\":\"http:\/\/irprout.it\/wp-content\/uploads\/2014\/10\/logo_IRP_albero300Cor.jpg\",\"width\":303,\"height\":304,\"caption\":\"Istituto di Ricerca Prout\"},\"image\":{\"@id\":\"https:\/\/irprout.it\/#\/schema\/logo\/image\/\"}}]}<\/script>\n<!-- \/ Yoast SEO plugin. -->","yoast_head_json":{"title":"Cosa dice Ravi Batra - Istituto di Ricerca Prout","robots":{"index":"index","follow":"follow","max-snippet":"max-snippet:-1","max-image-preview":"max-image-preview:large","max-video-preview":"max-video-preview:-1"},"canonical":"https:\/\/irprout.it\/?page_id=4576","og_locale":"it_IT","og_type":"article","og_title":"Cosa dice Ravi Batra - Istituto di Ricerca Prout","og_description":"[vc_row][vc_column width=&#8221;2\/3&#8243; css=&#8221;.vc_custom_1578926310778{padding-top: -20px !important;padding-right: -20px !important;padding-bottom: -20px !important;padding-left: -20px !important;}&#8221;][vc_column_text]&nbsp; Cosa dice Ravi Batra&nbsp; &nbsp; &nbsp; &nbsp; &nbsp; &nbsp; &nbsp; &nbsp;[\/vc_column_text][vc_column_text css=&#8221;.vc_custom_1578926723475{margin-top: -25px !important;}&#8221;]Economista della Southern Methodist University di Dallas, Texas, USA.[\/vc_column_text][vc_column_text css=&#8221;.vc_custom_1735907504735{margin-top: -25px !important;padding-top: 10px !important;padding-right: 15px !important;padding-bottom: 10px !important;padding-left: 15px !important;background-color: #FBF0C5 !important;}&#8221;]Il Dr. Ravi Batra, professore &hellip; Continua a leggere","og_url":"https:\/\/irprout.it\/?page_id=4576","og_site_name":"Istituto di Ricerca Prout","article_modified_time":"2025-01-14T19:37:00+00:00","twitter_misc":{"Tempo di lettura stimato":"9 minuti"},"schema":{"@context":"https:\/\/schema.org","@graph":[{"@type":"WebPage","@id":"https:\/\/irprout.it\/?page_id=4576","url":"https:\/\/irprout.it\/?page_id=4576","name":"Cosa dice Ravi Batra - Istituto di Ricerca Prout","isPartOf":{"@id":"https:\/\/irprout.it\/#website"},"datePublished":"2020-01-13T14:33:30+00:00","dateModified":"2025-01-14T19:37:00+00:00","breadcrumb":{"@id":"https:\/\/irprout.it\/?page_id=4576#breadcrumb"},"inLanguage":"it-IT","potentialAction":[{"@type":"ReadAction","target":["https:\/\/irprout.it\/?page_id=4576"]}]},{"@type":"BreadcrumbList","@id":"https:\/\/irprout.it\/?page_id=4576#breadcrumb","itemListElement":[{"@type":"ListItem","position":1,"name":"Home","item":"https:\/\/irprout.it\/"},{"@type":"ListItem","position":2,"name":"Cosa dice Ravi Batra"}]},{"@type":"WebSite","@id":"https:\/\/irprout.it\/#website","url":"https:\/\/irprout.it\/","name":"Istituto di Ricerca Prout","description":"Istituto di Ricerca Prout","publisher":{"@id":"https:\/\/irprout.it\/#organization"},"potentialAction":[{"@type":"SearchAction","target":{"@type":"EntryPoint","urlTemplate":"https:\/\/irprout.it\/?s={search_term_string}"},"query-input":{"@type":"PropertyValueSpecification","valueRequired":true,"valueName":"search_term_string"}}],"inLanguage":"it-IT"},{"@type":"Organization","@id":"https:\/\/irprout.it\/#organization","name":"Istituto di Ricerca Prout","url":"https:\/\/irprout.it\/","logo":{"@type":"ImageObject","inLanguage":"it-IT","@id":"https:\/\/irprout.it\/#\/schema\/logo\/image\/","url":"http:\/\/irprout.it\/wp-content\/uploads\/2014\/10\/logo_IRP_albero300Cor.jpg","contentUrl":"http:\/\/irprout.it\/wp-content\/uploads\/2014\/10\/logo_IRP_albero300Cor.jpg","width":303,"height":304,"caption":"Istituto di Ricerca Prout"},"image":{"@id":"https:\/\/irprout.it\/#\/schema\/logo\/image\/"}}]}},"_links":{"self":[{"href":"https:\/\/irprout.it\/index.php?rest_route=\/wp\/v2\/pages\/4576","targetHints":{"allow":["GET"]}}],"collection":[{"href":"https:\/\/irprout.it\/index.php?rest_route=\/wp\/v2\/pages"}],"about":[{"href":"https:\/\/irprout.it\/index.php?rest_route=\/wp\/v2\/types\/page"}],"author":[{"embeddable":true,"href":"https:\/\/irprout.it\/index.php?rest_route=\/wp\/v2\/users\/3"}],"replies":[{"embeddable":true,"href":"https:\/\/irprout.it\/index.php?rest_route=%2Fwp%2Fv2%2Fcomments&post=4576"}],"version-history":[{"count":16,"href":"https:\/\/irprout.it\/index.php?rest_route=\/wp\/v2\/pages\/4576\/revisions"}],"predecessor-version":[{"id":7354,"href":"https:\/\/irprout.it\/index.php?rest_route=\/wp\/v2\/pages\/4576\/revisions\/7354"}],"wp:attachment":[{"href":"https:\/\/irprout.it\/index.php?rest_route=%2Fwp%2Fv2%2Fmedia&parent=4576"}],"curies":[{"name":"wp","href":"https:\/\/api.w.org\/{rel}","templated":true}]}}