{"id":91,"date":"2014-09-23T08:52:32","date_gmt":"2014-09-23T08:52:32","guid":{"rendered":"http:\/\/irprout.it\/?page_id=91"},"modified":"2015-03-17T00:19:10","modified_gmt":"2015-03-16T23:19:10","slug":"libri","status":"publish","type":"page","link":"https:\/\/irprout.it\/?page_id=91","title":{"rendered":"LIBRI IT"},"content":{"rendered":"<h1><span style=\"color: #ffffff; background-color: #333399;\">\u00a0Pubblicati da Istituto di Ricerca PROUT\u00a0<\/span><\/h1>\n<p><span style=\"color: #808080;\"><strong>Dove possibile \u00e8 stato inserito un estratto del libro, scaricabile cliccando sull&#8217;immagine del libro.<\/strong><\/span><\/p>\n<hr \/>\n<p><strong><img decoding=\"async\" class=\"alignleft size-full wp-image-424 lazyload\" data-src=\"https:\/\/irprout.it\/wp-content\/uploads\/2014\/09\/books-EP.jpg\" alt=\"books-EP\" width=\"126\" height=\"170\" src=\"data:image\/svg+xml;base64,PHN2ZyB3aWR0aD0iMSIgaGVpZ2h0PSIxIiB4bWxucz0iaHR0cDovL3d3dy53My5vcmcvMjAwMC9zdmciPjwvc3ZnPg==\" style=\"--smush-placeholder-width: 126px; --smush-placeholder-aspect-ratio: 126\/170;\" \/><span style=\"color: #3366ff; background-color: #ffffff;\"><span style=\"color: #ffffff; background-color: #333399;\">\u00a0Elementi di Economia Proutista <\/span>\u00a0<\/span><\/strong>(parte1)<strong><br \/>\n<\/strong>P.R. Sarkar<br \/>\n<em><br \/>\nI fondamenti della Teoria Economica PROUT<br \/>\n<\/em>Ci sono varie specialit\u00e0 nel sistema economico del Prout. Esse includono: \u2018La garanzia del fabbisogno minimo\u2019, \u2018L\u2019aumento del potere d&#8217;acquisto\u2019, \u2018Le cooperative\u2019, \u2018Lo sviluppo industriale\u2019, \u2018Il decentramento\u2019 e \u2018La pianificazione dello sviluppo\u2019.<br \/>\nIl PROUT ha le sue specialit\u00e0 anche nel campo dello scambio e del commercio. Estratto<\/p>\n<p>&nbsp;<\/p>\n<hr \/>\n<p><a href=\"https:\/\/irprout.it\/wp-content\/uploads\/2014\/10\/Estratto_Ravi_Batra.pdf\" target=\"_blank\"><strong><img decoding=\"async\" class=\"alignleft size-full wp-image-427 lazyload\" data-src=\"https:\/\/irprout.it\/wp-content\/uploads\/2014\/09\/books-TUPP.jpg\" alt=\"books-TUPP\" width=\"126\" height=\"170\" src=\"data:image\/svg+xml;base64,PHN2ZyB3aWR0aD0iMSIgaGVpZ2h0PSIxIiB4bWxucz0iaHR0cDovL3d3dy53My5vcmcvMjAwMC9zdmciPjwvc3ZnPg==\" style=\"--smush-placeholder-width: 126px; --smush-placeholder-aspect-ratio: 126\/170;\" \/><\/strong><\/a><\/p>\n<p><span style=\"color: #ffffff; background-color: #333399;\"><strong>\u00a0Teoria della Utilizzazione PROgressiva: Prout\u00a0<\/strong><strong><br \/>\n<\/strong><strong>\u00a0Una Soluzione Economica alla Povert\u00e0\u00a0<\/strong><strong>e alle Disuguaglianze\u00a0<\/strong><\/span><br \/>\nDr. Ravi Batra<\/p>\n<p>Principi della teoria eocnomica Prout, Salario Minimo e Tetto Massimo, Cooperative, Zone Socio Economiche autosufficienti, Ambiente,<br \/>\nEsempi di Autosufficienza Economica, nel mondo.<br \/>\nUn manuale della nuova economia. <a href=\"https:\/\/irprout.it\/wp-content\/uploads\/2014\/10\/Estratto_Ravi_Batra.pdf\" target=\"_blank\">Estratto<\/a><\/p>\n<p>&nbsp;<\/p>\n<hr \/>\n<p><strong><span style=\"font-size: 12.5pt; font-family: 'Arial','sans-serif'; color: black;\"><img decoding=\"async\" class=\"alignleft size-full wp-image-423 lazyload\" data-src=\"https:\/\/irprout.it\/wp-content\/uploads\/2014\/09\/book-MEP.jpg\" alt=\"book-MEP\" width=\"126\" height=\"170\" src=\"data:image\/svg+xml;base64,PHN2ZyB3aWR0aD0iMSIgaGVpZ2h0PSIxIiB4bWxucz0iaHR0cDovL3d3dy53My5vcmcvMjAwMC9zdmciPjwvc3ZnPg==\" style=\"--smush-placeholder-width: 126px; --smush-placeholder-aspect-ratio: 126\/170;\" \/><span style=\"color: #ffffff; background-color: #333399;\">\u00a0Manuale di Economia Proutista\u00a0<\/span><\/span><\/strong><span style=\"color: black;\"><br \/>\n<\/span><span class=\"testo12v1\" style=\"font-size: 10pt; color: #000000;\"><a style=\"color: #000000;\" href=\"file:\/\/\/E:\\WP\\SitoIRP_Orig\\Auth_Krtashivan.htm\">Ac. Krtashivananda Avt.<\/a><\/span><\/p>\n<p class=\"testp11v\">Nella ricerca dello sviluppo economico, l\u2019ideologia del libero mercato<br \/>\n\u00e8 stata abbracciata in tutto il mondo, col fervore di una fede religiosa<br \/>\nfondamentalista. In essa la sola misura del valore \u00e8 il denaro, e<br \/>\nl\u2019effetto delle politiche, ovunque proposte, \u00e8 l\u2019aumento della<br \/>\ndisgregazione sociale e la disintegrazione ambientale.<br \/>\n<span class=\"testp11v1\"><span style=\"color: #000099;\"><a href=\"file:\/\/\/E:\\WP\\SitoIRP_Orig\\Documenti\\Decentralizzazione.pdf\" target=\"_blank\">Estratto<\/a><\/span><\/span><\/p>\n<p>&nbsp;<\/p>\n<hr \/>\n<p><img decoding=\"async\" class=\"alignleft size-full wp-image-481 lazyload\" data-src=\"https:\/\/irprout.it\/wp-content\/uploads\/2014\/10\/libro_dec_ec.jpg\" alt=\"libro_dec_ec\" width=\"124\" height=\"170\" src=\"data:image\/svg+xml;base64,PHN2ZyB3aWR0aD0iMSIgaGVpZ2h0PSIxIiB4bWxucz0iaHR0cDovL3d3dy53My5vcmcvMjAwMC9zdmciPjwvc3ZnPg==\" style=\"--smush-placeholder-width: 124px; --smush-placeholder-aspect-ratio: 124\/170;\" \/><\/p>\n<p><span style=\"color: #ffffff; background-color: #333399;\"><strong>Decentralizzazione Economica<\/strong><\/span><br \/>\nAc. Krtashivananda Avt.<\/p>\n<p>Propone uno\u00a0<strong>sviluppo economico decentrato<\/strong> sia nella <strong>propriet\u00e0<\/strong> e <strong>gestione<\/strong> delle aziende agricole, industriali, artigianali, commerciali, ma anche nella loro dislocazione sul territorio, dove siano presenti le &#8216;<strong>materie prime<\/strong>&#8216;.\u00a0Le materie prime non vanno esportate, ma lavorate in loco per creare occupazione e reddito e reddito per la popolazione locale. <em>Krtashivananda<\/em> spiega in dettaglio teoria e pratica della decentralizzazione economica, non possibile in un sistema capitalista.<\/p>\n<p>&nbsp;<\/p>\n<hr \/>\n<p class=\"testp11v\"><strong><span style=\"font-size: 12.5pt; font-family: 'Arial','sans-serif'; color: black;\"><img decoding=\"async\" class=\"alignleft size-full wp-image-426 lazyload\" data-src=\"https:\/\/irprout.it\/wp-content\/uploads\/2014\/09\/books-OLP.jpg\" alt=\"books-OLP\" width=\"126\" height=\"170\" src=\"data:image\/svg+xml;base64,PHN2ZyB3aWR0aD0iMSIgaGVpZ2h0PSIxIiB4bWxucz0iaHR0cDovL3d3dy53My5vcmcvMjAwMC9zdmciPjwvc3ZnPg==\" style=\"--smush-placeholder-width: 126px; --smush-placeholder-aspect-ratio: 126\/170;\" \/><span style=\"color: #ffffff; background-color: #333399;\">Oltre il Liberalismo Politico<\/span><\/span><\/strong><span style=\"color: black;\"><br \/>\n<span style=\"color: #000000;\"><a style=\"color: #000000;\" href=\"file:\/\/\/E:\\WP\\SitoIRP_Orig\\Auth_Krtashivan.htm\">Ac. Krtashivananda Avt.<\/a><\/span><\/span><\/p>\n<p>\u00c8 per lo sviluppo dell&#8217;umanit\u00e0 che la civilt\u00e0 ha cos\u00ec molti aspetti, lo stato si presenta in varie forme, le teorie si moltiplicano ed le sacre scritture abbondano in ordinanze e regole.<\/p>\n<p>Se invece di aiutare gli esseri umani a raggiungere la propria meta esistenziale, lo stato lo impedisce, esso non pu\u00f2 richiedere lealt\u00e0, perch\u00e9 gli esseri umani sono superiori allo stato. <span class=\"testp11v1\"><span style=\"color: #000099;\">Estratto<\/span><\/span><\/p>\n<p>&nbsp;<\/p>\n<hr \/>\n<p class=\"arial16n\"><span style=\"font-size: 10pt;\"><span style=\"font-size: 12pt; color: #3366ff;\"><strong><span style=\"font-family: 'Arial','sans-serif';\"><img decoding=\"async\" class=\"alignleft size-full wp-image-422 lazyload\" data-src=\"https:\/\/irprout.it\/wp-content\/uploads\/2014\/09\/book-GM.jpg\" alt=\"book-GM\" width=\"126\" height=\"170\" src=\"data:image\/svg+xml;base64,PHN2ZyB3aWR0aD0iMSIgaGVpZ2h0PSIxIiB4bWxucz0iaHR0cDovL3d3dy53My5vcmcvMjAwMC9zdmciPjwvc3ZnPg==\" style=\"--smush-placeholder-width: 126px; --smush-placeholder-aspect-ratio: 126\/170;\" \/><span style=\"color: #ffffff; background-color: #333399;\">Il Governo Mondiale<\/span><\/span><\/strong><\/span><b><br \/>\n<\/b><span class=\"testo12v1\" style=\"color: #000000;\"><a style=\"color: #000000;\" href=\"file:\/\/\/E:\\WP\\SitoIRP_Orig\\Auth_Krtashivan.htm\">Ac. Krtashivananda Avt.<\/a><\/span><b><\/b><\/span><\/p>\n<p><span class=\"testp11v1\">Il Governo Mondiale \u00e8 un&#8217;idea espressa da P.R. Sarkar nella Teoria<\/span><span style=\"font-family: Verdana, sans-serif;\"><br \/>\n<span class=\"testp11v1\">PROUT. Un&#8217;evoluzione naturale della struttura politica mondiale:<\/span><br \/>\n<span class=\"testp11v1\">dagli imperi, ai regni, alle Signorie e Comuni, agli Stati e alle Nazioni.<\/span><br \/>\n<span class=\"testp11v1\">Dalle nazioni alle confederazioni, al Governo Mondiale.<\/span><br \/>\n<span class=\"testp11v1\">Struttura e composizione, ruoli e numeri. <span style=\"color: #000099;\"><a href=\"file:\/\/\/E:\\WP\\SitoIRP_Orig\\GovernoMondiale.htm\" target=\"_blank\">Estratto<\/a><\/span><\/span><\/span><\/p>\n<p><strong><span class=\"testp11v1\">Proutist Universal<\/span><\/strong><\/p>\n<p>&nbsp;<\/p>\n<hr \/>\n<p class=\"arial16n\"><strong><span style=\"font-family: 'Arial','sans-serif';\"><img decoding=\"async\" class=\"alignleft size-full wp-image-425 lazyload\" data-src=\"https:\/\/irprout.it\/wp-content\/uploads\/2014\/09\/books-ES.jpg\" alt=\"books-ES\" width=\"126\" height=\"170\" src=\"data:image\/svg+xml;base64,PHN2ZyB3aWR0aD0iMSIgaGVpZ2h0PSIxIiB4bWxucz0iaHR0cDovL3d3dy53My5vcmcvMjAwMC9zdmciPjwvc3ZnPg==\" style=\"--smush-placeholder-width: 126px; --smush-placeholder-aspect-ratio: 126\/170;\" \/><span style=\"color: #ffffff; background-color: #333399;\">L&#8217;Evoluzione della Storia &#8211; <em>Secondo P.R. Sarkar<\/em><\/span><\/span><\/strong><\/p>\n<p class=\"testp11v\"><strong><span style=\"font-family: 'Verdana','sans-serif';\">Il Ciclo Sociale:<\/span><\/strong><em><span style=\"font-family: 'Verdana','sans-serif';\">\u00a0Evoluzione della Storia e Classi Sociali.<\/span><\/em><i><br \/>\n<\/i><span style=\"font-family: 'Verdana','sans-serif';\">Storia delle classi psicologiche e della loro Dominanza ciclica\u00a0<\/span><span style=\"font-family: 'Verdana','sans-serif';\">nella scena sociale.<\/span><br \/>\n<span style=\"font-family: 'Verdana','sans-serif';\">Un&#8217;interpretazione originale del Movimento Storico, <\/span><span style=\"font-family: 'Verdana','sans-serif';\">oltre le classi sociali marxiste, che permette di prevedere sviluppi e direzioni della societ\u00e0. Le classi sociali, la struttura, le leggi etc. sono il risultato delle caratteristiche delle classi psicologiche.\u00a0<\/span><\/p>\n<p><strong>Proutist Universal<\/strong><\/p>\n<hr \/>\n<p><strong><span style=\"color: #3366ff;\"><a href=\"https:\/\/irprout.it\/wp-content\/uploads\/2014\/10\/libri_pianifica.jpg\"><img decoding=\"async\" class=\"alignleft size-full wp-image-254 lazyload\" data-src=\"https:\/\/irprout.it\/wp-content\/uploads\/2014\/10\/libri_pianifica.jpg\" alt=\"libri_pianifica\" width=\"132\" height=\"176\" src=\"data:image\/svg+xml;base64,PHN2ZyB3aWR0aD0iMSIgaGVpZ2h0PSIxIiB4bWxucz0iaHR0cDovL3d3dy53My5vcmcvMjAwMC9zdmciPjwvc3ZnPg==\" style=\"--smush-placeholder-width: 132px; --smush-placeholder-aspect-ratio: 132\/176;\" \/><\/a><span style=\"color: #ffffff; background-color: #333399;\">Pianificazione Proutista<\/span><\/span><\/strong><br \/>\nAc. Krtashivananda Avt.<\/p>\n<p>La <strong>Pianificazione Economica Centralizzata,<\/strong>\u00a0con il metodo TOP-DOWN, \u00e8 stata sperimentata in Russia e in India senza successo. Il PROUT propone la Pianificazione Decentralizzata sul territorio con il sistema DOWN-TOP. Le unit\u00e0 di pianificazione pi\u00f9 piccole includono un territorio di circa 5.000 persone, il distretto di circa 100.000 persone e l&#8217;<strong>unit\u00e0 socio-economica autosufficiente <\/strong>pi\u00f9 vasta che comprende un insieme di persone omogenee per lingua, costumi, etnia e problematiche economiche similari.<\/p>\n<p>&nbsp;<\/p>\n<hr \/>\n<p><img decoding=\"async\" class=\"alignleft size-full wp-image-1483 lazyload\" data-src=\"https:\/\/irprout.it\/wp-content\/uploads\/2014\/10\/book-giustizia-s.Sarkar_p.jpg\" alt=\"book-giustizia-s.Sarkar_p\" width=\"124\" height=\"171\" src=\"data:image\/svg+xml;base64,PHN2ZyB3aWR0aD0iMSIgaGVpZ2h0PSIxIiB4bWxucz0iaHR0cDovL3d3dy53My5vcmcvMjAwMC9zdmciPjwvc3ZnPg==\" style=\"--smush-placeholder-width: 124px; --smush-placeholder-aspect-ratio: 124\/171;\" \/><\/p>\n<p><span style=\"color: #ffffff; background-color: #333399;\"><strong>La Giustizia &#8211; Secondo P.R. Sarkar\u00a0<\/strong><\/span><\/p>\n<p>Sarkar mira alla <strong>Riforma della Giustizia<\/strong> planetaria con principi universali, la cancellazione della parola &#8216;penale&#8217; dal vocabolario e la sua sostituzione con &#8216;correzione&#8217;, \u00a0la rivisitazione della classificazione delle figure criminali, in modo da fissare delle misure correttive adeguate.<\/p>\n<p>L&#8217;approccio di Sarkar \u00e8 per il &#8216;recupero&#8217; e lo &#8216;sviluppo&#8217; della persona, non per la sua &#8216;penalizzazione&#8217;. &#8220;<strong>Ciascuno senza dubbio ha il diritto di correggere chiunque altro, ma nessuno ha il diritto di penalizzare chiunque altro<\/strong>&#8220;&#8230;\u00a0In pubblicazione.<\/p>\n<hr \/>\n<p><span style=\"background-color: #cfcfcf;\">Per ordini: scrivere nella pagina Contatti, titolo del\/i libri e quantit\u00e0. Vi verranno spediti, prezzi, tempi di spedizione.<\/span><\/p>\n","protected":false},"excerpt":{"rendered":"<p>\u00a0Pubblicati da Istituto di Ricerca PROUT\u00a0 Dove possibile \u00e8 stato inserito un estratto del libro, scaricabile cliccando sull&#8217;immagine del libro. \u00a0Elementi di Economia Proutista \u00a0(parte1) P.R. Sarkar I fondamenti della Teoria Economica PROUT Ci sono varie specialit\u00e0 nel sistema economico del Prout. Esse includono: \u2018La garanzia del fabbisogno minimo\u2019, \u2018L\u2019aumento <span class=\"excerpt-dots\">&hellip;<\/span> <a class=\"more-link\" href=\"https:\/\/irprout.it\/?page_id=91\"><span class=\"more-msg\">Continua a leggere<\/span><\/a><\/p>\n","protected":false},"author":5,"featured_media":0,"parent":19,"menu_order":0,"comment_status":"closed","ping_status":"closed","template":"","meta":{"ngg_post_thumbnail":0,"footnotes":""},"class_list":["post-91","page","type-page","status-publish","hentry"],"yoast_head":"<!-- This site is optimized with the Yoast SEO plugin v26.6 - https:\/\/yoast.com\/wordpress\/plugins\/seo\/ -->\n<title>LIBRI IT - Istituto di Ricerca Prout<\/title>\n<meta name=\"robots\" content=\"index, follow, max-snippet:-1, max-image-preview:large, max-video-preview:-1\" \/>\n<link rel=\"canonical\" href=\"https:\/\/irprout.it\/?page_id=91\" \/>\n<meta property=\"og:locale\" content=\"it_IT\" \/>\n<meta property=\"og:type\" content=\"article\" \/>\n<meta property=\"og:title\" content=\"LIBRI IT - Istituto di Ricerca Prout\" \/>\n<meta property=\"og:description\" content=\"\u00a0Pubblicati da Istituto di Ricerca PROUT\u00a0 Dove possibile \u00e8 stato inserito un estratto del libro, scaricabile cliccando sull&#8217;immagine del libro. \u00a0Elementi di Economia Proutista \u00a0(parte1) P.R. Sarkar I fondamenti della Teoria Economica PROUT Ci sono varie specialit\u00e0 nel sistema economico del Prout. Esse includono: \u2018La garanzia del fabbisogno minimo\u2019, \u2018L\u2019aumento &hellip; Continua a leggere\" \/>\n<meta property=\"og:url\" content=\"https:\/\/irprout.it\/?page_id=91\" \/>\n<meta property=\"og:site_name\" content=\"Istituto di Ricerca Prout\" \/>\n<meta property=\"article:modified_time\" content=\"2015-03-16T23:19:10+00:00\" \/>\n<meta property=\"og:image\" content=\"http:\/\/irprout.it\/wp-content\/uploads\/2014\/09\/books-EP.jpg\" \/>\n<meta name=\"twitter:label1\" content=\"Tempo di lettura stimato\" \/>\n\t<meta name=\"twitter:data1\" content=\"3 minuti\" \/>\n<script type=\"application\/ld+json\" class=\"yoast-schema-graph\">{\"@context\":\"https:\/\/schema.org\",\"@graph\":[{\"@type\":\"WebPage\",\"@id\":\"https:\/\/irprout.it\/?page_id=91\",\"url\":\"https:\/\/irprout.it\/?page_id=91\",\"name\":\"LIBRI IT - Istituto di Ricerca Prout\",\"isPartOf\":{\"@id\":\"https:\/\/irprout.it\/#website\"},\"primaryImageOfPage\":{\"@id\":\"https:\/\/irprout.it\/?page_id=91#primaryimage\"},\"image\":{\"@id\":\"https:\/\/irprout.it\/?page_id=91#primaryimage\"},\"thumbnailUrl\":\"http:\/\/irprout.it\/wp-content\/uploads\/2014\/09\/books-EP.jpg\",\"datePublished\":\"2014-09-23T08:52:32+00:00\",\"dateModified\":\"2015-03-16T23:19:10+00:00\",\"breadcrumb\":{\"@id\":\"https:\/\/irprout.it\/?page_id=91#breadcrumb\"},\"inLanguage\":\"it-IT\",\"potentialAction\":[{\"@type\":\"ReadAction\",\"target\":[\"https:\/\/irprout.it\/?page_id=91\"]}]},{\"@type\":\"ImageObject\",\"inLanguage\":\"it-IT\",\"@id\":\"https:\/\/irprout.it\/?page_id=91#primaryimage\",\"url\":\"https:\/\/irprout.it\/wp-content\/uploads\/2014\/09\/books-EP.jpg\",\"contentUrl\":\"https:\/\/irprout.it\/wp-content\/uploads\/2014\/09\/books-EP.jpg\",\"width\":126,\"height\":170},{\"@type\":\"BreadcrumbList\",\"@id\":\"https:\/\/irprout.it\/?page_id=91#breadcrumb\",\"itemListElement\":[{\"@type\":\"ListItem\",\"position\":1,\"name\":\"Home\",\"item\":\"https:\/\/irprout.it\/\"},{\"@type\":\"ListItem\",\"position\":2,\"name\":\"PUBBLICAZIONI\",\"item\":\"https:\/\/irprout.it\/?page_id=19\"},{\"@type\":\"ListItem\",\"position\":3,\"name\":\"LIBRI IT\"}]},{\"@type\":\"WebSite\",\"@id\":\"https:\/\/irprout.it\/#website\",\"url\":\"https:\/\/irprout.it\/\",\"name\":\"Istituto di Ricerca Prout\",\"description\":\"Istituto di Ricerca Prout\",\"publisher\":{\"@id\":\"https:\/\/irprout.it\/#organization\"},\"potentialAction\":[{\"@type\":\"SearchAction\",\"target\":{\"@type\":\"EntryPoint\",\"urlTemplate\":\"https:\/\/irprout.it\/?s={search_term_string}\"},\"query-input\":{\"@type\":\"PropertyValueSpecification\",\"valueRequired\":true,\"valueName\":\"search_term_string\"}}],\"inLanguage\":\"it-IT\"},{\"@type\":\"Organization\",\"@id\":\"https:\/\/irprout.it\/#organization\",\"name\":\"Istituto di Ricerca Prout\",\"url\":\"https:\/\/irprout.it\/\",\"logo\":{\"@type\":\"ImageObject\",\"inLanguage\":\"it-IT\",\"@id\":\"https:\/\/irprout.it\/#\/schema\/logo\/image\/\",\"url\":\"http:\/\/irprout.it\/wp-content\/uploads\/2014\/10\/logo_IRP_albero300Cor.jpg\",\"contentUrl\":\"http:\/\/irprout.it\/wp-content\/uploads\/2014\/10\/logo_IRP_albero300Cor.jpg\",\"width\":303,\"height\":304,\"caption\":\"Istituto di Ricerca Prout\"},\"image\":{\"@id\":\"https:\/\/irprout.it\/#\/schema\/logo\/image\/\"}}]}<\/script>\n<!-- \/ Yoast SEO plugin. -->","yoast_head_json":{"title":"LIBRI IT - Istituto di Ricerca Prout","robots":{"index":"index","follow":"follow","max-snippet":"max-snippet:-1","max-image-preview":"max-image-preview:large","max-video-preview":"max-video-preview:-1"},"canonical":"https:\/\/irprout.it\/?page_id=91","og_locale":"it_IT","og_type":"article","og_title":"LIBRI IT - Istituto di Ricerca Prout","og_description":"\u00a0Pubblicati da Istituto di Ricerca PROUT\u00a0 Dove possibile \u00e8 stato inserito un estratto del libro, scaricabile cliccando sull&#8217;immagine del libro. \u00a0Elementi di Economia Proutista \u00a0(parte1) P.R. Sarkar I fondamenti della Teoria Economica PROUT Ci sono varie specialit\u00e0 nel sistema economico del Prout. Esse includono: \u2018La garanzia del fabbisogno minimo\u2019, \u2018L\u2019aumento &hellip; Continua a leggere","og_url":"https:\/\/irprout.it\/?page_id=91","og_site_name":"Istituto di Ricerca Prout","article_modified_time":"2015-03-16T23:19:10+00:00","og_image":[{"url":"http:\/\/irprout.it\/wp-content\/uploads\/2014\/09\/books-EP.jpg","type":"","width":"","height":""}],"twitter_misc":{"Tempo di lettura stimato":"3 minuti"},"schema":{"@context":"https:\/\/schema.org","@graph":[{"@type":"WebPage","@id":"https:\/\/irprout.it\/?page_id=91","url":"https:\/\/irprout.it\/?page_id=91","name":"LIBRI IT - Istituto di Ricerca Prout","isPartOf":{"@id":"https:\/\/irprout.it\/#website"},"primaryImageOfPage":{"@id":"https:\/\/irprout.it\/?page_id=91#primaryimage"},"image":{"@id":"https:\/\/irprout.it\/?page_id=91#primaryimage"},"thumbnailUrl":"http:\/\/irprout.it\/wp-content\/uploads\/2014\/09\/books-EP.jpg","datePublished":"2014-09-23T08:52:32+00:00","dateModified":"2015-03-16T23:19:10+00:00","breadcrumb":{"@id":"https:\/\/irprout.it\/?page_id=91#breadcrumb"},"inLanguage":"it-IT","potentialAction":[{"@type":"ReadAction","target":["https:\/\/irprout.it\/?page_id=91"]}]},{"@type":"ImageObject","inLanguage":"it-IT","@id":"https:\/\/irprout.it\/?page_id=91#primaryimage","url":"https:\/\/irprout.it\/wp-content\/uploads\/2014\/09\/books-EP.jpg","contentUrl":"https:\/\/irprout.it\/wp-content\/uploads\/2014\/09\/books-EP.jpg","width":126,"height":170},{"@type":"BreadcrumbList","@id":"https:\/\/irprout.it\/?page_id=91#breadcrumb","itemListElement":[{"@type":"ListItem","position":1,"name":"Home","item":"https:\/\/irprout.it\/"},{"@type":"ListItem","position":2,"name":"PUBBLICAZIONI","item":"https:\/\/irprout.it\/?page_id=19"},{"@type":"ListItem","position":3,"name":"LIBRI IT"}]},{"@type":"WebSite","@id":"https:\/\/irprout.it\/#website","url":"https:\/\/irprout.it\/","name":"Istituto di Ricerca Prout","description":"Istituto di Ricerca Prout","publisher":{"@id":"https:\/\/irprout.it\/#organization"},"potentialAction":[{"@type":"SearchAction","target":{"@type":"EntryPoint","urlTemplate":"https:\/\/irprout.it\/?s={search_term_string}"},"query-input":{"@type":"PropertyValueSpecification","valueRequired":true,"valueName":"search_term_string"}}],"inLanguage":"it-IT"},{"@type":"Organization","@id":"https:\/\/irprout.it\/#organization","name":"Istituto di Ricerca Prout","url":"https:\/\/irprout.it\/","logo":{"@type":"ImageObject","inLanguage":"it-IT","@id":"https:\/\/irprout.it\/#\/schema\/logo\/image\/","url":"http:\/\/irprout.it\/wp-content\/uploads\/2014\/10\/logo_IRP_albero300Cor.jpg","contentUrl":"http:\/\/irprout.it\/wp-content\/uploads\/2014\/10\/logo_IRP_albero300Cor.jpg","width":303,"height":304,"caption":"Istituto di Ricerca Prout"},"image":{"@id":"https:\/\/irprout.it\/#\/schema\/logo\/image\/"}}]}},"_links":{"self":[{"href":"https:\/\/irprout.it\/index.php?rest_route=\/wp\/v2\/pages\/91","targetHints":{"allow":["GET"]}}],"collection":[{"href":"https:\/\/irprout.it\/index.php?rest_route=\/wp\/v2\/pages"}],"about":[{"href":"https:\/\/irprout.it\/index.php?rest_route=\/wp\/v2\/types\/page"}],"author":[{"embeddable":true,"href":"https:\/\/irprout.it\/index.php?rest_route=\/wp\/v2\/users\/5"}],"replies":[{"embeddable":true,"href":"https:\/\/irprout.it\/index.php?rest_route=%2Fwp%2Fv2%2Fcomments&post=91"}],"version-history":[{"count":43,"href":"https:\/\/irprout.it\/index.php?rest_route=\/wp\/v2\/pages\/91\/revisions"}],"predecessor-version":[{"id":2931,"href":"https:\/\/irprout.it\/index.php?rest_route=\/wp\/v2\/pages\/91\/revisions\/2931"}],"up":[{"embeddable":true,"href":"https:\/\/irprout.it\/index.php?rest_route=\/wp\/v2\/pages\/19"}],"wp:attachment":[{"href":"https:\/\/irprout.it\/index.php?rest_route=%2Fwp%2Fv2%2Fmedia&parent=91"}],"curies":[{"name":"wp","href":"https:\/\/api.w.org\/{rel}","templated":true}]}}